172.69.130.41 - - [18/Mar/2026:14:58:13 +0100] "GET /wp-content/plugins/index.php HTTP/1.1" 503 - "-" "Mozilla/5.0 (Windows NT 10.0; Win64; x64) AppleWebKit/537.36 (KHTML, like Gecko) Chrome/120.0.0.0 Safari/537.36"
172.69.130.40 - - [18/Mar/2026:14:58:13 +0100] "GET /wp-includes/PHPMailer/ HTTP/1.1" 503 - "-" "Mozilla/5.0 (Windows NT 10.0; Win64; x64) AppleWebKit/537.36 (KHTML, like Gecko) Chrome/120.0.0.0 Safari/537.36"
172.69.130.40 - - [18/Mar/2026:14:58:13 +0100] "GET /wp-includes/images/ HTTP/1.1" 503 - "-" "Mozilla/5.0 (Windows NT 10.0; Win64; x64) AppleWebKit/537.36 (KHTML, like Gecko) Chrome/120.0.0.0 Safari/537.36"
172.69.130.41 - - [18/Mar/2026:14:58:14 +0100] "GET /wp-content/plugins/WordPressCore/ HTTP/1.1" 503 - "-" "Mozilla/5.0 (Windows NT 10.0; Win64; x64) AppleWebKit/537.36 (KHTML, like Gecko) Chrome/120.0.0.0 Safari/537.36"
162.158.163.97 - - [18/Mar/2026:14:58:16 +0100] "GET /lala.php?loknya=/home/elettreviso/public_html/wp-content/plugins/akismet/views HTTP/1.1" 200 40557 "https://prontointerventoelettricistatreviso.it/lala.php?loknya=/home/elettreviso/public_html/wp-content/plugins/akismet/views" "Mozilla/5.0 (Windows NT 10.0; Win64; x64) AppleWebKit/537.36 (KHTML, like Gecko) Chrome/145.0.0.0 Safari/537.36"
162.158.163.98 - - [18/Mar/2026:14:58:28 +0100] "POST /lala.php?pilihan&loknya=/home/elettreviso/public_html/wp-content/plugins/akismet/views HTTP/1.1" 200 41124 "https://prontointerventoelettricistatreviso.it/lala.php?loknya=/home/elettreviso/public_html/wp-content/plugins/akismet/views" "Mozilla/5.0 (Windows NT 10.0; Win64; x64) AppleWebKit/537.36 (KHTML, like Gecko) Chrome/145.0.0.0 Safari/537.36"
162.158.163.98 - - [18/Mar/2026:14:58:39 +0100] "POST /lala.php?pilihan&loknya=/home/elettreviso/public_html/wp-content/plugins/akismet/views HTTP/1.1" 200 41200 "https://prontointerventoelettricistatreviso.it/lala.php?pilihan&loknya=/home/elettreviso/public_html/wp-content/plugins/akismet/views" "Mozilla/5.0 (Windows NT 10.0; Win64; x64) AppleWebKit/537.36 (KHTML, like Gecko) Chrome/145.0.0.0 Safari/537.36"
162.158.163.98 - - [18/Mar/2026:14:58:42 +0100] "GET /lala.php?loknya=/home/elettreviso/public_html/wp-content/plugins/akismet/views HTTP/1.1" 200 40560 "https://prontointerventoelettricistatreviso.it/lala.php?pilihan&loknya=/home/elettreviso/public_html/wp-content/plugins/akismet/views" "Mozilla/5.0 (Windows NT 10.0; Win64; x64) AppleWebKit/537.36 (KHTML, like Gecko) Chrome/145.0.0.0 Safari/537.36"
104.22.66.168 - - [18/Mar/2026:14:59:02 +0100] "GET /wp-content/plugins/akismet/views/compatible.php HTTP/1.1" 403 57730 "-" "Mozilla/5.0 (Windows NT 10.0; Win64; x64) AppleWebKit/537.36 (KHTML, like Gecko) Chrome/145.0.0.0 Safari/537.36"
162.158.163.98 - - [18/Mar/2026:14:59:21 +0100] "GET /wp-content/plugins/akismet/views/compatible.php HTTP/1.1" 403 57731 "-" "Mozilla/5.0 (Windows NT 10.0; Win64; x64) AppleWebKit/537.36 (KHTML, like Gecko) Chrome/145.0.0.0 Safari/537.36"
172.71.120.89 - - [18/Mar/2026:14:59:24 +0100] "GET /servizi-elettricista-treviso/certificazione-impianti-elettrici-treviso/ HTTP/1.1" 200 57729 "-" "Mozilla/5.0 (compatible; AhrefsBot/7.0; +http://ahrefs.com/robot/)"
104.23.172.129 - - [18/Mar/2026:14:59:25 +0100] "GET /.git/config HTTP/1.1" 503 - "-" "Mozilla/5.0 (Macintosh; Intel Mac OS X 14_7_3) AppleWebKit/605.1.15 (KHTML, like Gecko) Version/18.4 Safari/605.1.15"
172.68.211.104 - - [18/Mar/2026:14:59:28 +0100] "GET /index.php?loknya=/home/elettreviso HTTP/1.1" 200 54266 "-" "Mozilla/5.0 (iPhone; CPU iPhone OS 13_2_3 like Mac OS X) AppleWebKit/605.1.15 (KHTML, like Gecko) Version/13.0.3 Mobile/15E148 Safari/604.1"
162.158.163.98 - - [18/Mar/2026:14:59:30 +0100] "GET /wp-content/plugins/akismet/views/compatible.php HTTP/1.1" 403 57731 "-" "Mozilla/5.0 (Windows NT 10.0; Win64; x64; rv:148.0) Gecko/20100101 Firefox/148.0"
162.158.163.98 - - [18/Mar/2026:14:59:50 +0100] "GET /wp-content/plugins/akismet/views/compatible.php HTTP/1.1" 403 57730 "-" "Mozilla/5.0 (Windows NT 10.0; Win64; x64; rv:148.0) Gecko/20100101 Firefox/148.0"
162.158.190.29 - - [18/Mar/2026:15:00:36 +0100] "GET /wp-content/plugins/akismet/views/compatible.php HTTP/1.1" 403 57731 "-" "Mozilla/5.0 (Windows NT 10.0; Win64; x64; rv:148.0) Gecko/20100101 Firefox/148.0"
104.23.175.219 - - [18/Mar/2026:15:00:39 +0100] "GET /wp-content/plugins/akismet/views/compatible.php HTTP/1.1" 403 57730 "-" "Mozilla/5.0 (Windows NT 10.0; Win64; x64; rv:148.0) Gecko/20100101 Firefox/148.0"
172.64.192.213 - - [18/Mar/2026:15:00:41 +0100] "GET /lala.php HTTP/1.1" 200 57730 "-" "Mozilla/5.0 (Windows NT 10.0; Win64; x64) AppleWebKit/537.36 (KHTML, like Gecko) Chrome/146.0.0.0 Safari/537.36"
172.70.215.48 - - [18/Mar/2026:15:00:41 +0100] "GET /wp-json/wp/v2/tags/291 HTTP/1.1" 200 57729 "-" "Mozilla/5.0 (Macintosh; Intel Mac OS X 10_15_7) AppleWebKit/537.36 (KHTML, like Gecko) Chrome/135.0.0.0 Safari/537.36"
104.23.175.219 - - [18/Mar/2026:15:00:44 +0100] "GET /wp-content/plugins/akismet/views/compatible.php HTTP/1.1" 403 57730 "-" "Mozilla/5.0 (Windows NT 10.0; Win64; x64; rv:148.0) Gecko/20100101 Firefox/148.0"
172.64.192.213 - - [18/Mar/2026:15:00:45 +0100] "GET /memek' HTTP/1.1" 200 57730 "-" "Mozilla/5.0 (Windows NT 10.0; Win64; x64) AppleWebKit/537.36 (KHTML, like Gecko) Chrome/146.0.0.0 Safari/537.36"
172.64.192.212 - - [18/Mar/2026:15:00:55 +0100] "POST /memek'?pilihan&loknya=/home/elettreviso/public_html HTTP/1.1" 200 58558 "https://prontointerventoelettricistatreviso.it/memek'" "Mozilla/5.0 (Windows NT 10.0; Win64; x64) AppleWebKit/537.36 (KHTML, like Gecko) Chrome/146.0.0.0 Safari/537.36"
172.70.142.144 - - [18/Mar/2026:15:01:08 +0100] "POST /lala.php?pilihan&loknya=/home/elettreviso/public_html/wp-content/plugins/akismet/views HTTP/1.1" 200 39077 "https://prontointerventoelettricistatreviso.it/lala.php?loknya=/home/elettreviso/public_html/wp-content/plugins/akismet/views" "Mozilla/5.0 (Windows NT 10.0; Win64; x64) AppleWebKit/537.36 (KHTML, like Gecko) Chrome/145.0.0.0 Safari/537.36"
172.64.192.212 - - [18/Mar/2026:15:01:11 +0100] "GET /fafaf HTTP/1.1" 200 57731 "-" "Mozilla/5.0 (Windows NT 10.0; Win64; x64) AppleWebKit/537.36 (KHTML, like Gecko) Chrome/146.0.0.0 Safari/537.36"
172.70.142.144 - - [18/Mar/2026:15:01:11 +0100] "GET /lala.php?loknya=/home/elettreviso/public_html/wp-content HTTP/1.1" 200 35740 "https://prontointerventoelettricistatreviso.it/lala.php?pilihan&loknya=/home/elettreviso/public_html/wp-content/plugins/akismet/views" "Mozilla/5.0 (Windows NT 10.0; Win64; x64) AppleWebKit/537.36 (KHTML, like Gecko) Chrome/145.0.0.0 Safari/537.36"
172.70.142.144 - - [18/Mar/2026:15:01:15 +0100] "GET /lala.php?loknya=/home/elettreviso/public_html/wp-content/themes HTTP/1.1" 200 28780 "https://prontointerventoelettricistatreviso.it/lala.php?loknya=/home/elettreviso/public_html/wp-content" "Mozilla/5.0 (Windows NT 10.0; Win64; x64) AppleWebKit/537.36 (KHTML, like Gecko) Chrome/145.0.0.0 Safari/537.36"
172.70.142.144 - - [18/Mar/2026:15:01:21 +0100] "GET /lala.php?loknya=/home/elettreviso/public_html/wp-content/themes/Total HTTP/1.1" 200 67045 "https://prontointerventoelettricistatreviso.it/lala.php?loknya=/home/elettreviso/public_html/wp-content/themes" "Mozilla/5.0 (Windows NT 10.0; Win64; x64) AppleWebKit/537.36 (KHTML, like Gecko) Chrome/145.0.0.0 Safari/537.36"
172.64.192.212 - - [18/Mar/2026:15:01:29 +0100] "GET /fafaf HTTP/1.1" 200 57731 "-" "Mozilla/5.0 (Windows NT 10.0; Win64; x64) AppleWebKit/537.36 (KHTML, like Gecko) Chrome/146.0.0.0 Safari/537.36"
172.70.142.144 - - [18/Mar/2026:15:01:38 +0100] "POST /lala.php?loknya=/home/elettreviso/public_html/wp-content/themes/Total HTTP/1.1" 200 18073 "https://prontointerventoelettricistatreviso.it/lala.php?loknya=/home/elettreviso/public_html/wp-content/themes/Total" "Mozilla/5.0 (Windows NT 10.0; Win64; x64) AppleWebKit/537.36 (KHTML, like Gecko) Chrome/145.0.0.0 Safari/537.36"
172.70.142.144 - - [18/Mar/2026:15:01:44 +0100] "GET /lala.php?loknya=/home/elettreviso/public_html/wp-content/themes/Total HTTP/1.1" 200 68538 "https://prontointerventoelettricistatreviso.it/lala.php?loknya=/home/elettreviso/public_html/wp-content/themes/Total" "Mozilla/5.0 (Windows NT 10.0; Win64; x64) AppleWebKit/537.36 (KHTML, like Gecko) Chrome/145.0.0.0 Safari/537.36"
172.70.142.144 - - [18/Mar/2026:15:01:48 +0100] "POST /lala.php?pilihan&loknya=/home/elettreviso/public_html/wp-content/themes/Total HTTP/1.1" 200 69079 "https://prontointerventoelettricistatreviso.it/lala.php?loknya=/home/elettreviso/public_html/wp-content/themes/Total" "Mozilla/5.0 (Windows NT 10.0; Win64; x64) AppleWebKit/537.36 (KHTML, like Gecko) Chrome/145.0.0.0 Safari/537.36"
172.70.142.144 - - [18/Mar/2026:15:02:03 +0100] "POST /lala.php?pilihan&loknya=/home/elettreviso/public_html/wp-content/themes/Total HTTP/1.1" 200 69151 "https://prontointerventoelettricistatreviso.it/lala.php?pilihan&loknya=/home/elettreviso/public_html/wp-content/themes/Total" "Mozilla/5.0 (Windows NT 10.0; Win64; x64) AppleWebKit/537.36 (KHTML, like Gecko) Chrome/145.0.0.0 Safari/537.36"
172.70.142.144 - - [18/Mar/2026:15:02:06 +0100] "GET /lala.php?loknya=/home/elettreviso/public_html/wp-content/themes/Total HTTP/1.1" 200 68539 "https://prontointerventoelettricistatreviso.it/lala.php?pilihan&loknya=/home/elettreviso/public_html/wp-content/themes/Total" "Mozilla/5.0 (Windows NT 10.0; Win64; x64) AppleWebKit/537.36 (KHTML, like Gecko) Chrome/145.0.0.0 Safari/537.36"
162.158.108.33 - - [18/Mar/2026:15:02:20 +0100] "GET /wp-content/themes/Total/author.php HTTP/1.1" 200 1265 "-" "Mozilla/5.0 (Windows NT 10.0; Win64; x64) AppleWebKit/537.36 (KHTML, like Gecko) Chrome/145.0.0.0 Safari/537.36"
172.70.142.145 - - [18/Mar/2026:15:02:29 +0100] "GET /lala.php?loknya=/home/elettreviso/public_html/wp-content HTTP/1.1" 200 35740 "https://prontointerventoelettricistatreviso.it/lala.php?loknya=/home/elettreviso/public_html/wp-content/themes/Total" "Mozilla/5.0 (Windows NT 10.0; Win64; x64) AppleWebKit/537.36 (KHTML, like Gecko) Chrome/145.0.0.0 Safari/537.36"
172.70.142.145 - - [18/Mar/2026:15:02:39 +0100] "GET /lala.php?loknya=/home/elettreviso/public_html/wp-content/upgrade HTTP/1.1" 200 20287 "https://prontointerventoelettricistatreviso.it/lala.php?loknya=/home/elettreviso/public_html/wp-content" "Mozilla/5.0 (Windows NT 10.0; Win64; x64) AppleWebKit/537.36 (KHTML, like Gecko) Chrome/145.0.0.0 Safari/537.36"
172.70.142.145 - - [18/Mar/2026:15:02:56 +0100] "POST /lala.php?loknya=/home/elettreviso/public_html/wp-content/upgrade HTTP/1.1" 200 18011 "https://prontointerventoelettricistatreviso.it/lala.php?loknya=/home/elettreviso/public_html/wp-content/upgrade" "Mozilla/5.0 (Windows NT 10.0; Win64; x64) AppleWebKit/537.36 (KHTML, like Gecko) Chrome/145.0.0.0 Safari/537.36"
172.70.142.145 - - [18/Mar/2026:15:03:02 +0100] "GET /lala.php?loknya=/home/elettreviso/public_html/wp-content/upgrade HTTP/1.1" 200 21784 "https://prontointerventoelettricistatreviso.it/lala.php?loknya=/home/elettreviso/public_html/wp-content/upgrade" "Mozilla/5.0 (Windows NT 10.0; Win64; x64) AppleWebKit/537.36 (KHTML, like Gecko) Chrome/145.0.0.0 Safari/537.36"
172.70.142.145 - - [18/Mar/2026:15:03:06 +0100] "POST /lala.php?pilihan&loknya=/home/elettreviso/public_html/wp-content/upgrade HTTP/1.1" 200 22319 "https://prontointerventoelettricistatreviso.it/lala.php?loknya=/home/elettreviso/public_html/wp-content/upgrade" "Mozilla/5.0 (Windows NT 10.0; Win64; x64) AppleWebKit/537.36 (KHTML, like Gecko) Chrome/145.0.0.0 Safari/537.36"
172.70.142.145 - - [18/Mar/2026:15:03:09 +0100] "POST /lala.php?pilihan&loknya=/home/elettreviso/public_html/wp-content/upgrade HTTP/1.1" 200 22326 "https://prontointerventoelettricistatreviso.it/lala.php?pilihan&loknya=/home/elettreviso/public_html/wp-content/upgrade" "Mozilla/5.0 (Windows NT 10.0; Win64; x64) AppleWebKit/537.36 (KHTML, like Gecko) Chrome/145.0.0.0 Safari/537.36"
172.70.142.144 - - [18/Mar/2026:15:03:20 +0100] "POST /lala.php?pilihan&loknya=/home/elettreviso/public_html/wp-content/upgrade HTTP/1.1" 200 22402 "https://prontointerventoelettricistatreviso.it/lala.php?pilihan&loknya=/home/elettreviso/public_html/wp-content/upgrade" "Mozilla/5.0 (Windows NT 10.0; Win64; x64) AppleWebKit/537.36 (KHTML, like Gecko) Chrome/145.0.0.0 Safari/537.36"
172.70.142.144 - - [18/Mar/2026:15:03:23 +0100] "GET /lala.php?loknya=/home/elettreviso/public_html/wp-content/upgrade HTTP/1.1" 200 21786 "https://prontointerventoelettricistatreviso.it/lala.php?pilihan&loknya=/home/elettreviso/public_html/wp-content/upgrade" "Mozilla/5.0 (Windows NT 10.0; Win64; x64) AppleWebKit/537.36 (KHTML, like Gecko) Chrome/145.0.0.0 Safari/537.36"
172.69.176.33 - - [18/Mar/2026:15:03:47 +0100] "GET /wp-content/upgrade/session-save.php HTTP/1.1" 200 1265 "-" "Mozilla/5.0 (Windows NT 10.0; Win64; x64) AppleWebKit/537.36 (KHTML, like Gecko) Chrome/145.0.0.0 Safari/537.36"
162.158.163.98 - - [18/Mar/2026:15:04:04 +0100] "GET /lala.php?loknya=/home/elettreviso/public_html/wp-content HTTP/1.1" 200 35739 "https://prontointerventoelettricistatreviso.it/lala.php?loknya=/home/elettreviso/public_html/wp-content/upgrade" "Mozilla/5.0 (Windows NT 10.0; Win64; x64) AppleWebKit/537.36 (KHTML, like Gecko) Chrome/145.0.0.0 Safari/537.36"
162.158.163.98 - - [18/Mar/2026:15:04:08 +0100] "GET /lala.php?loknya=/home/elettreviso/public_html/wp-content/upgrade-temp-backup HTTP/1.1" 200 18855 "https://prontointerventoelettricistatreviso.it/lala.php?loknya=/home/elettreviso/public_html/wp-content" "Mozilla/5.0 (Windows NT 10.0; Win64; x64) AppleWebKit/537.36 (KHTML, like Gecko) Chrome/145.0.0.0 Safari/537.36"
162.158.163.97 - - [18/Mar/2026:15:04:26 +0100] "POST /lala.php?loknya=/home/elettreviso/public_html/wp-content/upgrade-temp-backup HTTP/1.1" 200 18044 "https://prontointerventoelettricistatreviso.it/lala.php?loknya=/home/elettreviso/public_html/wp-content/upgrade-temp-backup" "Mozilla/5.0 (Windows NT 10.0; Win64; x64) AppleWebKit/537.36 (KHTML, like Gecko) Chrome/145.0.0.0 Safari/537.36"
162.158.163.97 - - [18/Mar/2026:15:04:32 +0100] "GET /lala.php?loknya=/home/elettreviso/public_html/wp-content/upgrade-temp-backup HTTP/1.1" 200 20413 "https://prontointerventoelettricistatreviso.it/lala.php?loknya=/home/elettreviso/public_html/wp-content/upgrade-temp-backup" "Mozilla/5.0 (Windows NT 10.0; Win64; x64) AppleWebKit/537.36 (KHTML, like Gecko) Chrome/145.0.0.0 Safari/537.36"
162.158.163.98 - - [18/Mar/2026:15:04:38 +0100] "POST /lala.php?pilihan&loknya=/home/elettreviso/public_html/wp-content/upgrade-temp-backup HTTP/1.1" 200 20986 "https://prontointerventoelettricistatreviso.it/lala.php?loknya=/home/elettreviso/public_html/wp-content/upgrade-temp-backup" "Mozilla/5.0 (Windows NT 10.0; Win64; x64) AppleWebKit/537.36 (KHTML, like Gecko) Chrome/145.0.0.0 Safari/537.36"
162.158.163.98 - - [18/Mar/2026:15:05:01 +0100] "POST /lala.php?pilihan&loknya=/home/elettreviso/public_html/wp-content/upgrade-temp-backup HTTP/1.1" 200 21059 "https://prontointerventoelettricistatreviso.it/lala.php?pilihan&loknya=/home/elettreviso/public_html/wp-content/upgrade-temp-backup" "Mozilla/5.0 (Windows NT 10.0; Win64; x64) AppleWebKit/537.36 (KHTML, like Gecko) Chrome/145.0.0.0 Safari/537.36"
162.158.163.97 - - [18/Mar/2026:15:05:07 +0100] "POST /lala.php?pilihan&loknya=/home/elettreviso/public_html/wp-content/upgrade-temp-backup HTTP/1.1" 200 18920 "https://prontointerventoelettricistatreviso.it/lala.php?pilihan&loknya=/home/elettreviso/public_html/wp-content/upgrade-temp-backup" "Mozilla/5.0 (Windows NT 10.0; Win64; x64) AppleWebKit/537.36 (KHTML, like Gecko) Chrome/145.0.0.0 Safari/537.36"
162.158.163.97 - - [18/Mar/2026:15:05:09 +0100] "GET /lala.php?loknya=/home/elettreviso/public_html/wp-content/ HTTP/1.1" 200 35774 "https://prontointerventoelettricistatreviso.it/lala.php?pilihan&loknya=/home/elettreviso/public_html/wp-content/upgrade-temp-backup" "Mozilla/5.0 (Windows NT 10.0; Win64; x64) AppleWebKit/537.36 (KHTML, like Gecko) Chrome/145.0.0.0 Safari/537.36"
162.158.163.97 - - [18/Mar/2026:15:05:11 +0100] "GET /lala.php?loknya=/home/elettreviso/public_html/wp-content/uploads HTTP/1.1" 200 49863 "https://prontointerventoelettricistatreviso.it/lala.php?loknya=/home/elettreviso/public_html/wp-content/" "Mozilla/5.0 (Windows NT 10.0; Win64; x64) AppleWebKit/537.36 (KHTML, like Gecko) Chrome/145.0.0.0 Safari/537.36"
162.158.163.97 - - [18/Mar/2026:15:05:16 +0100] "GET /lala.php?loknya=/home/elettreviso/public_html/wp-content/uploads/redux HTTP/1.1" 200 18911 "https://prontointerventoelettricistatreviso.it/lala.php?loknya=/home/elettreviso/public_html/wp-content/uploads" "Mozilla/5.0 (Windows NT 10.0; Win64; x64) AppleWebKit/537.36 (KHTML, like Gecko) Chrome/145.0.0.0 Safari/537.36"
162.158.163.97 - - [18/Mar/2026:15:05:18 +0100] "GET /lala.php?loknya=/home/elettreviso/public_html/wp-content/uploads/ HTTP/1.1" 200 49922 "https://prontointerventoelettricistatreviso.it/lala.php?loknya=/home/elettreviso/public_html/wp-content/uploads/redux" "Mozilla/5.0 (Windows NT 10.0; Win64; x64) AppleWebKit/537.36 (KHTML, like Gecko) Chrome/145.0.0.0 Safari/537.36"
162.158.163.97 - - [18/Mar/2026:15:05:22 +0100] "GET /lala.php?loknya=/home/elettreviso/public_html/wp-content/uploads/mainwp HTTP/1.1" 200 21593 "https://prontointerventoelettricistatreviso.it/lala.php?loknya=/home/elettreviso/public_html/wp-content/uploads/" "Mozilla/5.0 (Windows NT 10.0; Win64; x64) AppleWebKit/537.36 (KHTML, like Gecko) Chrome/145.0.0.0 Safari/537.36"
162.158.163.97 - - [18/Mar/2026:15:05:24 +0100] "GET /lala.php?loknya=/home/elettreviso/public_html/wp-content/uploads/mainwp/backup HTTP/1.1" 200 22068 "https://prontointerventoelettricistatreviso.it/lala.php?loknya=/home/elettreviso/public_html/wp-content/uploads/mainwp" "Mozilla/5.0 (Windows NT 10.0; Win64; x64) AppleWebKit/537.36 (KHTML, like Gecko) Chrome/145.0.0.0 Safari/537.36"
162.158.163.97 - - [18/Mar/2026:15:05:38 +0100] "POST /lala.php?loknya=/home/elettreviso/public_html/wp-content/uploads/mainwp/backup HTTP/1.1" 200 18174 "https://prontointerventoelettricistatreviso.it/lala.php?loknya=/home/elettreviso/public_html/wp-content/uploads/mainwp/backup" "Mozilla/5.0 (Windows NT 10.0; Win64; x64) AppleWebKit/537.36 (KHTML, like Gecko) Chrome/145.0.0.0 Safari/537.36"
162.158.163.97 - - [18/Mar/2026:15:05:44 +0100] "GET /lala.php?loknya=/home/elettreviso/public_html/wp-content/uploads/mainwp/backup HTTP/1.1" 200 23601 "https://prontointerventoelettricistatreviso.it/lala.php?loknya=/home/elettreviso/public_html/wp-content/uploads/mainwp/backup" "Mozilla/5.0 (Windows NT 10.0; Win64; x64) AppleWebKit/537.36 (KHTML, like Gecko) Chrome/145.0.0.0 Safari/537.36"
162.158.163.97 - - [18/Mar/2026:15:05:47 +0100] "POST /lala.php?pilihan&loknya=/home/elettreviso/public_html/wp-content/uploads/mainwp/backup HTTP/1.1" 200 24163 "https://prontointerventoelettricistatreviso.it/lala.php?loknya=/home/elettreviso/public_html/wp-content/uploads/mainwp/backup" "Mozilla/5.0 (Windows NT 10.0; Win64; x64) AppleWebKit/537.36 (KHTML, like Gecko) Chrome/145.0.0.0 Safari/537.36"
162.158.163.97 - - [18/Mar/2026:15:05:59 +0100] "POST /lala.php?pilihan&loknya=/home/elettreviso/public_html/wp-content/uploads/mainwp/backup HTTP/1.1" 200 24229 "https://prontointerventoelettricistatreviso.it/lala.php?pilihan&loknya=/home/elettreviso/public_html/wp-content/uploads/mainwp/backup" "Mozilla/5.0 (Windows NT 10.0; Win64; x64) AppleWebKit/537.36 (KHTML, like Gecko) Chrome/145.0.0.0 Safari/537.36"
162.158.163.97 - - [18/Mar/2026:15:06:02 +0100] "GET /lala.php?loknya=/home/elettreviso/public_html/wp-content/uploads/mainwp/backup HTTP/1.1" 200 23600 "https://prontointerventoelettricistatreviso.it/lala.php?pilihan&loknya=/home/elettreviso/public_html/wp-content/uploads/mainwp/backup" "Mozilla/5.0 (Windows NT 10.0; Win64; x64) AppleWebKit/537.36 (KHTML, like Gecko) Chrome/145.0.0.0 Safari/537.36"
172.70.142.145 - - [18/Mar/2026:15:06:16 +0100] "GET /wp-content/uploads/mainwp/backup/session.php HTTP/1.1" 403 57730 "-" "Mozilla/5.0 (Windows NT 10.0; Win64; x64) AppleWebKit/537.36 (KHTML, like Gecko) Chrome/145.0.0.0 Safari/537.36"
104.23.162.155 - - [18/Mar/2026:15:06:18 +0100] "GET /.env HTTP/1.1" 200 57730 "-" "Mozilla/5.0 (Macintosh, Intel Mac OS X 10_15_7) AppleWebKit/605.1.15 (KHTML, like Gecko) Version/15.6.1 Safari/605.1.15"
162.158.163.97 - - [18/Mar/2026:15:06:22 +0100] "POST /lala.php?pilihan&loknya=/home/elettreviso/public_html/wp-content/uploads/mainwp/backup HTTP/1.1" 200 22133 "https://prontointerventoelettricistatreviso.it/lala.php?loknya=/home/elettreviso/public_html/wp-content/uploads/mainwp/backup" "Mozilla/5.0 (Windows NT 10.0; Win64; x64) AppleWebKit/537.36 (KHTML, like Gecko) Chrome/145.0.0.0 Safari/537.36"
162.158.163.98 - - [18/Mar/2026:15:06:28 +0100] "GET /lala.php?loknya=/home/elettreviso/public_html/wp-content HTTP/1.1" 200 35738 "https://prontointerventoelettricistatreviso.it/lala.php?pilihan&loknya=/home/elettreviso/public_html/wp-content/uploads/mainwp/backup" "Mozilla/5.0 (Windows NT 10.0; Win64; x64) AppleWebKit/537.36 (KHTML, like Gecko) Chrome/145.0.0.0 Safari/537.36"
162.158.163.98 - - [18/Mar/2026:15:06:32 +0100] "GET /lala.php?loknya=/home/elettreviso/public_html/wp-content/w3tc-config HTTP/1.1" 200 21799 "https://prontointerventoelettricistatreviso.it/lala.php?loknya=/home/elettreviso/public_html/wp-content" "Mozilla/5.0 (Windows NT 10.0; Win64; x64) AppleWebKit/537.36 (KHTML, like Gecko) Chrome/145.0.0.0 Safari/537.36"
162.158.163.98 - - [18/Mar/2026:15:06:49 +0100] "POST /lala.php?loknya=/home/elettreviso/public_html/wp-content/w3tc-config HTTP/1.1" 200 18001 "https://prontointerventoelettricistatreviso.it/lala.php?loknya=/home/elettreviso/public_html/wp-content/w3tc-config" "Mozilla/5.0 (Windows NT 10.0; Win64; x64) AppleWebKit/537.36 (KHTML, like Gecko) Chrome/145.0.0.0 Safari/537.36"
162.158.163.98 - - [18/Mar/2026:15:06:54 +0100] "GET /lala.php?loknya=/home/elettreviso/public_html/wp-content/w3tc-config HTTP/1.1" 200 23288 "https://prontointerventoelettricistatreviso.it/lala.php?loknya=/home/elettreviso/public_html/wp-content/w3tc-config" "Mozilla/5.0 (Windows NT 10.0; Win64; x64) AppleWebKit/537.36 (KHTML, like Gecko) Chrome/145.0.0.0 Safari/537.36"
162.158.163.98 - - [18/Mar/2026:15:06:56 +0100] "POST /lala.php?pilihan&loknya=/home/elettreviso/public_html/wp-content/w3tc-config HTTP/1.1" 200 23827 "https://prontointerventoelettricistatreviso.it/lala.php?loknya=/home/elettreviso/public_html/wp-content/w3tc-config" "Mozilla/5.0 (Windows NT 10.0; Win64; x64) AppleWebKit/537.36 (KHTML, like Gecko) Chrome/145.0.0.0 Safari/537.36"
162.158.163.98 - - [18/Mar/2026:15:07:13 +0100] "POST /lala.php?pilihan&loknya=/home/elettreviso/public_html/wp-content/w3tc-config HTTP/1.1" 200 23894 "https://prontointerventoelettricistatreviso.it/lala.php?pilihan&loknya=/home/elettreviso/public_html/wp-content/w3tc-config" "Mozilla/5.0 (Windows NT 10.0; Win64; x64) AppleWebKit/537.36 (KHTML, like Gecko) Chrome/145.0.0.0 Safari/537.36"
162.158.163.98 - - [18/Mar/2026:15:07:17 +0100] "GET /lala.php?loknya=/home/elettreviso/public_html/wp-content/w3tc-config HTTP/1.1" 200 23287 "https://prontointerventoelettricistatreviso.it/lala.php?pilihan&loknya=/home/elettreviso/public_html/wp-content/w3tc-config" "Mozilla/5.0 (Windows NT 10.0; Win64; x64) AppleWebKit/537.36 (KHTML, like Gecko) Chrome/145.0.0.0 Safari/537.36"
104.22.66.168 - - [18/Mar/2026:15:07:31 +0100] "GET /wp-content/w3tc-config/legend.php HTTP/1.1" 200 1265 "-" "Mozilla/5.0 (Windows NT 10.0; Win64; x64) AppleWebKit/537.36 (KHTML, like Gecko) Chrome/145.0.0.0 Safari/537.36"
172.70.208.105 - - [18/Mar/2026:15:08:12 +0100] "GET /lala.php?loknya=/home/elettreviso/public_html/wp-content HTTP/1.1" 200 35739 "https://prontointerventoelettricistatreviso.it/lala.php?loknya=/home/elettreviso/public_html/wp-content/w3tc-config" "Mozilla/5.0 (Windows NT 10.0; Win64; x64) AppleWebKit/537.36 (KHTML, like Gecko) Chrome/145.0.0.0 Safari/537.36"
172.70.208.42 - - [18/Mar/2026:15:08:17 +0100] "GET /lala.php?loknya=/home/elettreviso/public_html/wp-content/wflogs HTTP/1.1" 200 33594 "https://prontointerventoelettricistatreviso.it/lala.php?loknya=/home/elettreviso/public_html/wp-content" "Mozilla/5.0 (Windows NT 10.0; Win64; x64) AppleWebKit/537.36 (KHTML, like Gecko) Chrome/145.0.0.0 Safari/537.36"
172.70.208.105 - - [18/Mar/2026:15:08:34 +0100] "POST /lala.php?loknya=/home/elettreviso/public_html/wp-content/wflogs HTTP/1.1" 200 18007 "https://prontointerventoelettricistatreviso.it/lala.php?loknya=/home/elettreviso/public_html/wp-content/wflogs" "Mozilla/5.0 (Windows NT 10.0; Win64; x64) AppleWebKit/537.36 (KHTML, like Gecko) Chrome/145.0.0.0 Safari/537.36"
172.70.208.105 - - [18/Mar/2026:15:08:39 +0100] "GET /lala.php?loknya=/home/elettreviso/public_html/wp-content/wflogs HTTP/1.1" 200 35084 "https://prontointerventoelettricistatreviso.it/lala.php?loknya=/home/elettreviso/public_html/wp-content/wflogs" "Mozilla/5.0 (Windows NT 10.0; Win64; x64) AppleWebKit/537.36 (KHTML, like Gecko) Chrome/145.0.0.0 Safari/537.36"
104.22.18.5 - - [18/Mar/2026:15:08:54 +0100] "GET /index.php?lokasie=/home/elettreviso/public_html/wp-settings.php&loknya=/home/elettreviso/public_html HTTP/1.1" 200 50924 "-" "Mozilla/5.0 (iPhone; CPU iPhone OS 13_2_3 like Mac OS X) AppleWebKit/605.1.15 (KHTML, like Gecko) Version/13.0.3 Mobile/15E148 Safari/604.1"
172.70.208.104 - - [18/Mar/2026:15:08:58 +0100] "POST /lala.php?pilihan&loknya=/home/elettreviso/public_html/wp-content/wflogs HTTP/1.1" 200 35623 "https://prontointerventoelettricistatreviso.it/lala.php?loknya=/home/elettreviso/public_html/wp-content/wflogs" "Mozilla/5.0 (Windows NT 10.0; Win64; x64) AppleWebKit/537.36 (KHTML, like Gecko) Chrome/145.0.0.0 Safari/537.36"
172.71.158.183 - - [18/Mar/2026:15:09:29 +0100] "GET / HTTP/1.1" 200 57731 "http://www.prontointerventoelettricistatreviso.it" "Mozilla/5.0 (iPhone; CPU iPhone OS 13_2_3 like Mac OS X) AppleWebKit/605.1.15 (KHTML, like Gecko) Version/13.0.3 Mobile/15E148 Safari/604.1"
172.71.81.171 - - [18/Mar/2026:15:09:32 +0100] "POST /lala.php?pilihan&loknya=/home/elettreviso/public_html/wp-content/wflogs HTTP/1.1" 200 35690 "https://prontointerventoelettricistatreviso.it/lala.php?pilihan&loknya=/home/elettreviso/public_html/wp-content/wflogs" "Mozilla/5.0 (Windows NT 10.0; Win64; x64) AppleWebKit/537.36 (KHTML, like Gecko) Chrome/145.0.0.0 Safari/537.36"
172.71.81.171 - - [18/Mar/2026:15:09:38 +0100] "GET /lala.php?loknya=/home/elettreviso/public_html/wp-content/wflogs HTTP/1.1" 200 35082 "https://prontointerventoelettricistatreviso.it/lala.php?pilihan&loknya=/home/elettreviso/public_html/wp-content/wflogs" "Mozilla/5.0 (Windows NT 10.0; Win64; x64) AppleWebKit/537.36 (KHTML, like Gecko) Chrome/145.0.0.0 Safari/537.36"
172.70.142.144 - - [18/Mar/2026:15:09:55 +0100] "GET /wp-content/wflogs/config-save.php HTTP/1.1" 403 57731 "-" "Mozilla/5.0 (Windows NT 10.0; Win64; x64) AppleWebKit/537.36 (KHTML, like Gecko) Chrome/145.0.0.0 Safari/537.36"
172.71.81.172 - - [18/Mar/2026:15:10:01 +0100] "POST /lala.php?pilihan&loknya=/home/elettreviso/public_html/wp-content/wflogs HTTP/1.1" 200 33658 "https://prontointerventoelettricistatreviso.it/lala.php?loknya=/home/elettreviso/public_html/wp-content/wflogs" "Mozilla/5.0 (Windows NT 10.0; Win64; x64) AppleWebKit/537.36 (KHTML, like Gecko) Chrome/145.0.0.0 Safari/537.36"
172.71.81.172 - - [18/Mar/2026:15:10:05 +0100] "GET /lala.php?loknya=/home/elettreviso/public_html/wp-content HTTP/1.1" 200 35737 "https://prontointerventoelettricistatreviso.it/lala.php?pilihan&loknya=/home/elettreviso/public_html/wp-content/wflogs" "Mozilla/5.0 (Windows NT 10.0; Win64; x64) AppleWebKit/537.36 (KHTML, like Gecko) Chrome/145.0.0.0 Safari/537.36"
172.71.81.171 - - [18/Mar/2026:15:10:16 +0100] "GET /lala.php?loknya=/home/elettreviso/public_html/wp-content/upgrade HTTP/1.1" 200 21785 "https://prontointerventoelettricistatreviso.it/lala.php?loknya=/home/elettreviso/public_html/wp-content" "Mozilla/5.0 (Windows NT 10.0; Win64; x64) AppleWebKit/537.36 (KHTML, like Gecko) Chrome/145.0.0.0 Safari/537.36"
172.71.151.28 - - [18/Mar/2026:15:10:17 +0100] "GET /wp-login.php HTTP/1.1" 200 57732 "-" "Mozilla/5.0 (Windows NT 10.0; Win64; x64) AppleWebKit/537.36 (KHTML, like Gecko) Chrome/145.0.0.0 Safari/537.36"
172.71.81.171 - - [18/Mar/2026:15:10:19 +0100] "GET /lala.php?loknya=/home/elettreviso/public_html/wp-content/ HTTP/1.1" 200 35773 "https://prontointerventoelettricistatreviso.it/lala.php?loknya=/home/elettreviso/public_html/wp-content/upgrade" "Mozilla/5.0 (Windows NT 10.0; Win64; x64) AppleWebKit/537.36 (KHTML, like Gecko) Chrome/145.0.0.0 Safari/537.36"
172.71.81.171 - - [18/Mar/2026:15:10:24 +0100] "GET /lala.php?loknya=/home/elettreviso/public_html/wp-content/languages HTTP/1.1" 200 139143 "https://prontointerventoelettricistatreviso.it/lala.php?loknya=/home/elettreviso/public_html/wp-content/" "Mozilla/5.0 (Windows NT 10.0; Win64; x64) AppleWebKit/537.36 (KHTML, like Gecko) Chrome/145.0.0.0 Safari/537.36"
172.71.81.171 - - [18/Mar/2026:15:10:26 +0100] "GET /lala.php?loknya=/home/elettreviso/public_html/wp-content/languages/plugins HTTP/1.1" 200 148887 "https://prontointerventoelettricistatreviso.it/lala.php?loknya=/home/elettreviso/public_html/wp-content/languages" "Mozilla/5.0 (Windows NT 10.0; Win64; x64) AppleWebKit/537.36 (KHTML, like Gecko) Chrome/145.0.0.0 Safari/537.36"
172.71.150.234 - - [18/Mar/2026:15:10:30 +0100] "GET /favicon.ico HTTP/1.1" 200 57731 "https://prontointerventoelettricistatreviso.it/wp-login.php" "Mozilla/5.0 (Windows NT 10.0; Win64; x64) AppleWebKit/537.36 (KHTML, like Gecko) Chrome/145.0.0.0 Safari/537.36"
172.71.81.171 - - [18/Mar/2026:15:10:43 +0100] "POST /lala.php?loknya=/home/elettreviso/public_html/wp-content/languages/plugins HTTP/1.1" 200 18089 "https://prontointerventoelettricistatreviso.it/lala.php?loknya=/home/elettreviso/public_html/wp-content/languages/plugins" "Mozilla/5.0 (Windows NT 10.0; Win64; x64) AppleWebKit/537.36 (KHTML, like Gecko) Chrome/145.0.0.0 Safari/537.36"
172.71.81.171 - - [18/Mar/2026:15:10:48 +0100] "GET /lala.php?loknya=/home/elettreviso/public_html/wp-content/languages/plugins HTTP/1.1" 200 150404 "https://prontointerventoelettricistatreviso.it/lala.php?loknya=/home/elettreviso/public_html/wp-content/languages/plugins" "Mozilla/5.0 (Windows NT 10.0; Win64; x64) AppleWebKit/537.36 (KHTML, like Gecko) Chrome/145.0.0.0 Safari/537.36"
172.71.81.171 - - [18/Mar/2026:15:10:53 +0100] "POST /lala.php?pilihan&loknya=/home/elettreviso/public_html/wp-content/languages/plugins HTTP/1.1" 200 150957 "https://prontointerventoelettricistatreviso.it/lala.php?loknya=/home/elettreviso/public_html/wp-content/languages/plugins" "Mozilla/5.0 (Windows NT 10.0; Win64; x64) AppleWebKit/537.36 (KHTML, like Gecko) Chrome/145.0.0.0 Safari/537.36"
172.71.81.172 - - [18/Mar/2026:15:11:18 +0100] "POST /lala.php?pilihan&loknya=/home/elettreviso/public_html/wp-content/languages/plugins HTTP/1.1" 200 151031 "https://prontointerventoelettricistatreviso.it/lala.php?pilihan&loknya=/home/elettreviso/public_html/wp-content/languages/plugins" "Mozilla/5.0 (Windows NT 10.0; Win64; x64) AppleWebKit/537.36 (KHTML, like Gecko) Chrome/145.0.0.0 Safari/537.36"
172.71.81.172 - - [18/Mar/2026:15:11:22 +0100] "GET /lala.php?loknya=/home/elettreviso/public_html/wp-content/languages/plugins HTTP/1.1" 200 150406 "https://prontointerventoelettricistatreviso.it/lala.php?pilihan&loknya=/home/elettreviso/public_html/wp-content/languages/plugins" "Mozilla/5.0 (Windows NT 10.0; Win64; x64) AppleWebKit/537.36 (KHTML, like Gecko) Chrome/145.0.0.0 Safari/537.36"
172.70.208.105 - - [18/Mar/2026:15:11:49 +0100] "GET /wp-content/languages/plugins/akismet.php HTTP/1.1" 200 1265 "-" "Mozilla/5.0 (Windows NT 10.0; Win64; x64) AppleWebKit/537.36 (KHTML, like Gecko) Chrome/145.0.0.0 Safari/537.36"
162.159.115.2 - - [18/Mar/2026:15:11:51 +0100] "GET /blog/tag/elettricista-pronto-intervento HTTP/1.1" 200 57730 "-" "Mozilla/5.0 AppleWebKit/537.36 (KHTML, like Gecko; compatible; ClaudeBot/1.0; +claudebot@anthropic.com)"
172.69.22.25 - - [18/Mar/2026:15:12:06 +0100] "GET / HTTP/1.1" 200 57729 "-" "Mozilla/5.0 (Macintosh; Intel Mac OS X 10_15_7) AppleWebKit/537.36 (KHTML, like Gecko) Chrome/116.0.0.0 Safari/537.36"
162.158.107.7 - - [18/Mar/2026:15:12:16 +0100] "GET /lala.php?loknya=/home/elettreviso/public_html/wp-content/languages HTTP/1.1" 200 139143 "https://prontointerventoelettricistatreviso.it/lala.php?loknya=/home/elettreviso/public_html/wp-content/languages/plugins" "Mozilla/5.0 (Windows NT 10.0; Win64; x64) AppleWebKit/537.36 (KHTML, like Gecko) Chrome/145.0.0.0 Safari/537.36"
162.158.106.130 - - [18/Mar/2026:15:12:18 +0100] "GET /lala.php?loknya=/home/elettreviso/public_html/wp-content/languages/themes HTTP/1.1" 200 40833 "https://prontointerventoelettricistatreviso.it/lala.php?loknya=/home/elettreviso/public_html/wp-content/languages" "Mozilla/5.0 (Windows NT 10.0; Win64; x64) AppleWebKit/537.36 (KHTML, like Gecko) Chrome/145.0.0.0 Safari/537.36"
104.22.18.5 - - [18/Mar/2026:15:12:31 +0100] "GET / HTTP/1.1" 200 57727 "-" "Mozilla/5.0 (Windows NT 10.0; Win64; x64) AppleWebKit/537.36 (KHTML, like Gecko) Chrome/117.0.0.0 Safari/537.36"
162.158.107.7 - - [18/Mar/2026:15:12:35 +0100] "POST /lala.php?loknya=/home/elettreviso/public_html/wp-content/languages/themes HTTP/1.1" 200 18089 "https://prontointerventoelettricistatreviso.it/lala.php?loknya=/home/elettreviso/public_html/wp-content/languages/themes" "Mozilla/5.0 (Windows NT 10.0; Win64; x64) AppleWebKit/537.36 (KHTML, like Gecko) Chrome/145.0.0.0 Safari/537.36"
162.158.107.7 - - [18/Mar/2026:15:12:41 +0100] "GET /lala.php?loknya=/home/elettreviso/public_html/wp-content/languages/themes HTTP/1.1" 200 42348 "https://prontointerventoelettricistatreviso.it/lala.php?loknya=/home/elettreviso/public_html/wp-content/languages/themes" "Mozilla/5.0 (Windows NT 10.0; Win64; x64) AppleWebKit/537.36 (KHTML, like Gecko) Chrome/145.0.0.0 Safari/537.36"
162.158.107.7 - - [18/Mar/2026:15:12:47 +0100] "POST /lala.php?pilihan&loknya=/home/elettreviso/public_html/wp-content/languages/themes HTTP/1.1" 200 42901 "https://prontointerventoelettricistatreviso.it/lala.php?loknya=/home/elettreviso/public_html/wp-content/languages/themes" "Mozilla/5.0 (Windows NT 10.0; Win64; x64) AppleWebKit/537.36 (KHTML, like Gecko) Chrome/145.0.0.0 Safari/537.36"
104.22.20.191 - - [18/Mar/2026:15:12:58 +0100] "GET /%3Floknya%3D/home/elettreviso/public_html HTTP/1.1" 200 57729 "-" "Mozilla/5.0 (Windows NT 10.0; Win64; x64) AppleWebKit/537.36 (KHTML, like Gecko) Chrome/117.0.0.0 Safari/537.36"
172.69.135.193 - - [18/Mar/2026:15:12:58 +0100] "GET /%3Flokasie%3D/home/elettreviso/public_html/.htaccess%26loknya%3D/home/elettreviso/public_html HTTP/1.1" 200 57730 "-" "Mozilla/5.0 (Windows NT 10.0; Win64; x64) AppleWebKit/537.36 (KHTML, like Gecko) Chrome/117.0.0.0 Safari/537.36"
104.22.20.190 - - [18/Mar/2026:15:12:58 +0100] "GET /%3Floknya%3D/home/elettreviso/ HTTP/1.1" 200 57729 "-" "Mozilla/5.0 (Windows NT 10.0; Win64; x64) AppleWebKit/537.36 (KHTML, like Gecko) Chrome/117.0.0.0 Safari/537.36"
172.71.158.140 - - [18/Mar/2026:15:12:58 +0100] "GET /%3Flokasie%3D/home/elettreviso/public_html/deploy-all.sh%26loknya%3D/home/elettreviso/public_html HTTP/1.1" 200 57731 "-" "Mozilla/5.0 (Windows NT 10.0; Win64; x64) AppleWebKit/537.36 (KHTML, like Gecko) Chrome/117.0.0.0 Safari/537.36"
172.71.158.140 - - [18/Mar/2026:15:12:58 +0100] "GET /%3Floknya%3D/home/elettreviso/public_html/cgi-bin HTTP/1.1" 200 57730 "-" "Mozilla/5.0 (Windows NT 10.0; Win64; x64) AppleWebKit/537.36 (KHTML, like Gecko) Chrome/117.0.0.0 Safari/537.36"
172.71.158.141 - - [18/Mar/2026:15:12:58 +0100] "GET /%3Floknya%3D/home/elettreviso HTTP/1.1" 200 57731 "-" "Mozilla/5.0 (Windows NT 10.0; Win64; x64) AppleWebKit/537.36 (KHTML, like Gecko) Chrome/117.0.0.0 Safari/537.36"
172.71.158.140 - - [18/Mar/2026:15:12:58 +0100] "GET /%3Floknya%3D/ HTTP/1.1" 200 57731 "-" "Mozilla/5.0 (Windows NT 10.0; Win64; x64) AppleWebKit/537.36 (KHTML, like Gecko) Chrome/117.0.0.0 Safari/537.36"
172.71.158.140 - - [18/Mar/2026:15:12:58 +0100] "GET /%3Floknya%3D/home/elettreviso/public_html/.well-known HTTP/1.1" 200 57731 "-" "Mozilla/5.0 (Windows NT 10.0; Win64; x64) AppleWebKit/537.36 (KHTML, like Gecko) Chrome/117.0.0.0 Safari/537.36"
162.158.167.146 - - [18/Mar/2026:15:12:58 +0100] "GET /%3Floknya%3D/home/elettreviso/public_html/.tmb HTTP/1.1" 200 57731 "-" "Mozilla/5.0 (Windows NT 10.0; Win64; x64) AppleWebKit/537.36 (KHTML, like Gecko) Chrome/117.0.0.0 Safari/537.36"
104.22.18.5 - - [18/Mar/2026:15:12:58 +0100] "GET /%3Floknya%3D/home/elettreviso/public_html/wp-admin HTTP/1.1" 200 57728 "-" "Mozilla/5.0 (Windows NT 10.0; Win64; x64) AppleWebKit/537.36 (KHTML, like Gecko) Chrome/117.0.0.0 Safari/537.36"
172.69.22.24 - - [18/Mar/2026:15:12:58 +0100] "GET /%3Floknya%3D/home/elettreviso/public_html/wp-includes HTTP/1.1" 200 57728 "-" "Mozilla/5.0 (Windows NT 10.0; Win64; x64) AppleWebKit/537.36 (KHTML, like Gecko) Chrome/117.0.0.0 Safari/537.36"
172.71.158.141 - - [18/Mar/2026:15:12:58 +0100] "GET /%3Flokasie%3D/home/elettreviso/public_html/wp-comments-post.php%26loknya%3D/home/elettreviso/public_html HTTP/1.1" 200 57730 "-" "Mozilla/5.0 (Windows NT 10.0; Win64; x64) AppleWebKit/537.36 (KHTML, like Gecko) Chrome/117.0.0.0 Safari/537.36"
104.22.18.6 - - [18/Mar/2026:15:12:58 +0100] "GET /%3Flokasie%3D/home/elettreviso/public_html/readme.html%26loknya%3D/home/elettreviso/public_html HTTP/1.1" 200 57728 "-" "Mozilla/5.0 (Windows NT 10.0; Win64; x64) AppleWebKit/537.36 (KHTML, like Gecko) Chrome/117.0.0.0 Safari/537.36"
104.22.20.191 - - [18/Mar/2026:15:12:58 +0100] "GET /%3Floknya%3D/home HTTP/1.1" 200 57730 "-" "Mozilla/5.0 (Windows NT 10.0; Win64; x64) AppleWebKit/537.36 (KHTML, like Gecko) Chrome/117.0.0.0 Safari/537.36"
172.71.158.141 - - [18/Mar/2026:15:12:58 +0100] "GET /%3Flokasie%3D/home/elettreviso/public_html/wp-cron.php%26loknya%3D/home/elettreviso/public_html HTTP/1.1" 200 57730 "-" "Mozilla/5.0 (Windows NT 10.0; Win64; x64) AppleWebKit/537.36 (KHTML, like Gecko) Chrome/117.0.0.0 Safari/537.36"
172.71.154.232 - - [18/Mar/2026:15:12:58 +0100] "GET /index.php HTTP/1.1" 200 57730 "-" "Mozilla/5.0 (Windows NT 10.0; Win64; x64) AppleWebKit/537.36 (KHTML, like Gecko) Chrome/117.0.0.0 Safari/537.36"
172.71.154.233 - - [18/Mar/2026:15:12:58 +0100] "GET /%3Flokasie%3D/home/elettreviso/public_html/wp-blog-header.php%26loknya%3D/home/elettreviso/public_html HTTP/1.1" 200 57731 "-" "Mozilla/5.0 (Windows NT 10.0; Win64; x64) AppleWebKit/537.36 (KHTML, like Gecko) Chrome/117.0.0.0 Safari/537.36"
104.22.20.190 - - [18/Mar/2026:15:12:58 +0100] "GET /%3Flokasie%3D/home/elettreviso/public_html/robots.txt%26loknya%3D/home/elettreviso/public_html HTTP/1.1" 200 57729 "-" "Mozilla/5.0 (Windows NT 10.0; Win64; x64) AppleWebKit/537.36 (KHTML, like Gecko) Chrome/117.0.0.0 Safari/537.36"
104.22.18.5 - - [18/Mar/2026:15:12:58 +0100] "GET /%3Flokasie%3D/home/elettreviso/public_html/lala.php%26loknya%3D/home/elettreviso/public_html HTTP/1.1" 200 57728 "-" "Mozilla/5.0 (Windows NT 10.0; Win64; x64) AppleWebKit/537.36 (KHTML, like Gecko) Chrome/117.0.0.0 Safari/537.36"
172.71.158.140 - - [18/Mar/2026:15:12:58 +0100] "GET /%3Flokasie%3D/home/elettreviso/public_html/wp-config-sample.php%26loknya%3D/home/elettreviso/public_html HTTP/1.1" 200 57730 "-" "Mozilla/5.0 (Windows NT 10.0; Win64; x64) AppleWebKit/537.36 (KHTML, like Gecko) Chrome/117.0.0.0 Safari/537.36"
162.158.167.146 - - [18/Mar/2026:15:12:58 +0100] "GET /%3Flokasie%3D/home/elettreviso/public_html/license.txt%26loknya%3D/home/elettreviso/public_html HTTP/1.1" 200 57731 "-" "Mozilla/5.0 (Windows NT 10.0; Win64; x64) AppleWebKit/537.36 (KHTML, like Gecko) Chrome/117.0.0.0 Safari/537.36"
172.69.22.24 - - [18/Mar/2026:15:12:58 +0100] "GET /%3Flokasie%3D/home/elettreviso/public_html/index.php%26loknya%3D/home/elettreviso/public_html HTTP/1.1" 200 57729 "-" "Mozilla/5.0 (Windows NT 10.0; Win64; x64) AppleWebKit/537.36 (KHTML, like Gecko) Chrome/117.0.0.0 Safari/537.36"
172.71.158.141 - - [18/Mar/2026:15:12:58 +0100] "GET /%3Flokasie%3D/home/elettreviso/public_html/error_log%26loknya%3D/home/elettreviso/public_html HTTP/1.1" 200 57731 "-" "Mozilla/5.0 (Windows NT 10.0; Win64; x64) AppleWebKit/537.36 (KHTML, like Gecko) Chrome/117.0.0.0 Safari/537.36"
104.22.18.5 - - [18/Mar/2026:15:12:58 +0100] "GET /%3Flokasie%3D/home/elettreviso/public_html/wp-signup.php%26loknya%3D/home/elettreviso/public_html HTTP/1.1" 200 57728 "-" "Mozilla/5.0 (Windows NT 10.0; Win64; x64) AppleWebKit/537.36 (KHTML, like Gecko) Chrome/117.0.0.0 Safari/537.36"
104.22.18.5 - - [18/Mar/2026:15:12:58 +0100] "GET /%3Flokasie%3D/home/elettreviso/public_html/licenza.html%26loknya%3D/home/elettreviso/public_html HTTP/1.1" 200 57727 "-" "Mozilla/5.0 (Windows NT 10.0; Win64; x64) AppleWebKit/537.36 (KHTML, like Gecko) Chrome/117.0.0.0 Safari/537.36"
104.22.18.6 - - [18/Mar/2026:15:12:58 +0100] "GET /%3Flokasie%3D/home/elettreviso/public_html/wp-activate.php%26loknya%3D/home/elettreviso/public_html HTTP/1.1" 200 57728 "-" "Mozilla/5.0 (Windows NT 10.0; Win64; x64) AppleWebKit/537.36 (KHTML, like Gecko) Chrome/117.0.0.0 Safari/537.36"
104.22.18.6 - - [18/Mar/2026:15:12:58 +0100] "GET /%3Floknya%3D/home/elettreviso/public_html/wp-content HTTP/1.1" 200 57727 "-" "Mozilla/5.0 (Windows NT 10.0; Win64; x64) AppleWebKit/537.36 (KHTML, like Gecko) Chrome/117.0.0.0 Safari/537.36"
104.22.20.191 - - [18/Mar/2026:15:12:59 +0100] "GET /%3Flokasie%3D/home/elettreviso/public_html/wp-load.php%26loknya%3D/home/elettreviso/public_html HTTP/1.1" 200 14998 "-" "Mozilla/5.0 (Windows NT 10.0; Win64; x64) AppleWebKit/537.36 (KHTML, like Gecko) Chrome/117.0.0.0 Safari/537.36"
104.22.20.190 - - [18/Mar/2026:15:12:59 +0100] "GET /%3Flokasie%3D/home/elettreviso/public_html/wp-login.php%26loknya%3D/home/elettreviso/public_html HTTP/1.1" 200 14998 "-" "Mozilla/5.0 (Windows NT 10.0; Win64; x64) AppleWebKit/537.36 (KHTML, like Gecko) Chrome/117.0.0.0 Safari/537.36"
104.22.18.6 - - [18/Mar/2026:15:12:59 +0100] "GET /%3Flokasie%3D/home/elettreviso/public_html/wp-settings.php%26loknya%3D/home/elettreviso/public_html HTTP/1.1" 200 14998 "-" "Mozilla/5.0 (Windows NT 10.0; Win64; x64) AppleWebKit/537.36 (KHTML, like Gecko) Chrome/117.0.0.0 Safari/537.36"
104.22.20.190 - - [18/Mar/2026:15:12:59 +0100] "GET /%3Flokasie%3D/home/elettreviso/public_html/wp-mail.php%26loknya%3D/home/elettreviso/public_html HTTP/1.1" 200 14998 "-" "Mozilla/5.0 (Windows NT 10.0; Win64; x64) AppleWebKit/537.36 (KHTML, like Gecko) Chrome/117.0.0.0 Safari/537.36"
162.158.107.8 - - [18/Mar/2026:15:13:00 +0100] "POST /lala.php?pilihan&loknya=/home/elettreviso/public_html/wp-content/languages/themes HTTP/1.1" 200 42970 "https://prontointerventoelettricistatreviso.it/lala.php?pilihan&loknya=/home/elettreviso/public_html/wp-content/languages/themes" "Mozilla/5.0 (Windows NT 10.0; Win64; x64) AppleWebKit/537.36 (KHTML, like Gecko) Chrome/145.0.0.0 Safari/537.36"
104.22.18.6 - - [18/Mar/2026:15:12:59 +0100] "GET /%3Flokasie%3D/home/elettreviso/public_html/wp-links-opml.php%26loknya%3D/home/elettreviso/public_html HTTP/1.1" 200 14998 "-" "Mozilla/5.0 (Windows NT 10.0; Win64; x64) AppleWebKit/537.36 (KHTML, like Gecko) Chrome/117.0.0.0 Safari/537.36"
172.71.158.141 - - [18/Mar/2026:15:12:59 +0100] "GET /%3Flokasie%3D/home/elettreviso/public_html/xmlrpc.php%26loknya%3D/home/elettreviso/public_html HTTP/1.1" 200 14998 "-" "Mozilla/5.0 (Windows NT 10.0; Win64; x64) AppleWebKit/537.36 (KHTML, like Gecko) Chrome/117.0.0.0 Safari/537.36"
104.22.20.191 - - [18/Mar/2026:15:12:59 +0100] "GET /https%3A/linuxploit.com/ HTTP/1.1" 200 14998 "-" "Mozilla/5.0 (Windows NT 10.0; Win64; x64) AppleWebKit/537.36 (KHTML, like Gecko) Chrome/117.0.0.0 Safari/537.36"
172.71.158.141 - - [18/Mar/2026:15:12:59 +0100] "GET /%3Flokasie%3D/home/elettreviso/public_html/wp-trackback.php%26loknya%3D/home/elettreviso/public_html HTTP/1.1" 200 14998 "-" "Mozilla/5.0 (Windows NT 10.0; Win64; x64) AppleWebKit/537.36 (KHTML, like Gecko) Chrome/117.0.0.0 Safari/537.36"
172.69.176.33 - - [18/Mar/2026:15:13:16 +0100] "GET /wp-content/languages/themes/fukasawa.php HTTP/1.1" 200 1265 "-" "Mozilla/5.0 (Windows NT 10.0; Win64; x64) AppleWebKit/537.36 (KHTML, like Gecko) Chrome/145.0.0.0 Safari/537.36"
162.158.158.231 - - [18/Mar/2026:15:13:20 +0100] "GET /blog/riparazioni-elettriche/feed/ HTTP/1.1" 200 57732 "-" "Mozilla/5.0 AppleWebKit/537.36 (KHTML, like Gecko; compatible; Amazonbot/0.1; +https://developer.amazon.com/support/amazonbot) Chrome/119.0.6045.214 Safari/537.36"
162.158.108.33 - - [18/Mar/2026:15:13:38 +0100] "GET /lala.php?loknya=/home/elettreviso/public_html/wp-content HTTP/1.1" 200 35738 "https://prontointerventoelettricistatreviso.it/lala.php?pilihan&loknya=/home/elettreviso/public_html/wp-content/languages/themes" "Mozilla/5.0 (Windows NT 10.0; Win64; x64) AppleWebKit/537.36 (KHTML, like Gecko) Chrome/145.0.0.0 Safari/537.36"
162.158.108.32 - - [18/Mar/2026:15:13:47 +0100] "GET /lala.php?loknya=/home/elettreviso/public_html/wp-content/cache HTTP/1.1" 200 28506 "https://prontointerventoelettricistatreviso.it/lala.php?loknya=/home/elettreviso/public_html/wp-content" "Mozilla/5.0 (Windows NT 10.0; Win64; x64) AppleWebKit/537.36 (KHTML, like Gecko) Chrome/145.0.0.0 Safari/537.36"
162.158.108.32 - - [18/Mar/2026:15:13:50 +0100] "GET /lala.php?loknya=/home/elettreviso/public_html/wp-content/cache/all HTTP/1.1" 200 28465 "https://prontointerventoelettricistatreviso.it/lala.php?loknya=/home/elettreviso/public_html/wp-content/cache" "Mozilla/5.0 (Windows NT 10.0; Win64; x64) AppleWebKit/537.36 (KHTML, like Gecko) Chrome/145.0.0.0 Safari/537.36"
162.158.108.32 - - [18/Mar/2026:15:13:52 +0100] "GET /lala.php?loknya=/home/elettreviso/public_html/wp-content/cache/all/blog HTTP/1.1" 200 58771 "https://prontointerventoelettricistatreviso.it/lala.php?loknya=/home/elettreviso/public_html/wp-content/cache/all" "Mozilla/5.0 (Windows NT 10.0; Win64; x64) AppleWebKit/537.36 (KHTML, like Gecko) Chrome/145.0.0.0 Safari/537.36"
162.158.108.32 - - [18/Mar/2026:15:13:54 +0100] "GET /lala.php?loknya=/home/elettreviso/public_html/wp-content/cache/all/ HTTP/1.1" 200 28483 "https://prontointerventoelettricistatreviso.it/lala.php?loknya=/home/elettreviso/public_html/wp-content/cache/all/blog" "Mozilla/5.0 (Windows NT 10.0; Win64; x64) AppleWebKit/537.36 (KHTML, like Gecko) Chrome/145.0.0.0 Safari/537.36"
162.158.108.32 - - [18/Mar/2026:15:13:57 +0100] "GET /lala.php?loknya=/home/elettreviso/public_html/wp-content/cache/ HTTP/1.1" 200 28525 "https://prontointerventoelettricistatreviso.it/lala.php?loknya=/home/elettreviso/public_html/wp-content/cache/all/" "Mozilla/5.0 (Windows NT 10.0; Win64; x64) AppleWebKit/537.36 (KHTML, like Gecko) Chrome/145.0.0.0 Safari/537.36"
162.158.108.32 - - [18/Mar/2026:15:13:59 +0100] "GET /lala.php?loknya=/home/elettreviso/public_html/wp-content/cache/autoptimize HTTP/1.1" 200 22804 "https://prontointerventoelettricistatreviso.it/lala.php?loknya=/home/elettreviso/public_html/wp-content/cache/" "Mozilla/5.0 (Windows NT 10.0; Win64; x64) AppleWebKit/537.36 (KHTML, like Gecko) Chrome/145.0.0.0 Safari/537.36"
162.158.108.32 - - [18/Mar/2026:15:14:02 +0100] "GET /lala.php?loknya=/home/elettreviso/public_html/wp-content/cache/ HTTP/1.1" 200 28526 "https://prontointerventoelettricistatreviso.it/lala.php?loknya=/home/elettreviso/public_html/wp-content/cache/autoptimize" "Mozilla/5.0 (Windows NT 10.0; Win64; x64) AppleWebKit/537.36 (KHTML, like Gecko) Chrome/145.0.0.0 Safari/537.36"
162.158.108.32 - - [18/Mar/2026:15:14:06 +0100] "GET /lala.php?loknya=/home/elettreviso/public_html/wp-content/cache/tmp HTTP/1.1" 200 18893 "https://prontointerventoelettricistatreviso.it/lala.php?loknya=/home/elettreviso/public_html/wp-content/cache/" "Mozilla/5.0 (Windows NT 10.0; Win64; x64) AppleWebKit/537.36 (KHTML, like Gecko) Chrome/145.0.0.0 Safari/537.36"
108.162.246.243 - - [18/Mar/2026:15:14:18 +0100] "GET /wp-login.php HTTP/1.1" 200 57735 "-" "Mozilla/5.0 (Windows NT 10.0; Win64; x64) AppleWebKit/537.36 (KHTML, like Gecko) Chrome/145.0.0.0 Safari/537.36"
162.159.120.252 - - [18/Mar/2026:15:14:19 +0100] "GET /favicon.ico HTTP/1.1" 200 57731 "https://prontointerventoelettricistatreviso.it/wp-login.php" "Mozilla/5.0 (Windows NT 10.0; Win64; x64) AppleWebKit/537.36 (KHTML, like Gecko) Chrome/145.0.0.0 Safari/537.36"
162.158.108.32 - - [18/Mar/2026:15:14:24 +0100] "POST /lala.php?loknya=/home/elettreviso/public_html/wp-content/cache/tmp HTTP/1.1" 200 18067 "https://prontointerventoelettricistatreviso.it/lala.php?loknya=/home/elettreviso/public_html/wp-content/cache/tmp" "Mozilla/5.0 (Windows NT 10.0; Win64; x64) AppleWebKit/537.36 (KHTML, like Gecko) Chrome/145.0.0.0 Safari/537.36"
162.158.108.32 - - [18/Mar/2026:15:14:28 +0100] "GET /lala.php?loknya=/home/elettreviso/public_html/wp-content/cache/tmp HTTP/1.1" 200 20373 "https://prontointerventoelettricistatreviso.it/lala.php?loknya=/home/elettreviso/public_html/wp-content/cache/tmp" "Mozilla/5.0 (Windows NT 10.0; Win64; x64) AppleWebKit/537.36 (KHTML, like Gecko) Chrome/145.0.0.0 Safari/537.36"
162.158.108.32 - - [18/Mar/2026:15:14:30 +0100] "POST /lala.php?pilihan&loknya=/home/elettreviso/public_html/wp-content/cache/tmp HTTP/1.1" 200 20909 "https://prontointerventoelettricistatreviso.it/lala.php?loknya=/home/elettreviso/public_html/wp-content/cache/tmp" "Mozilla/5.0 (Windows NT 10.0; Win64; x64) AppleWebKit/537.36 (KHTML, like Gecko) Chrome/145.0.0.0 Safari/537.36"
162.158.108.33 - - [18/Mar/2026:15:14:41 +0100] "POST /lala.php?pilihan&loknya=/home/elettreviso/public_html/wp-content/cache/tmp HTTP/1.1" 200 20982 "https://prontointerventoelettricistatreviso.it/lala.php?pilihan&loknya=/home/elettreviso/public_html/wp-content/cache/tmp" "Mozilla/5.0 (Windows NT 10.0; Win64; x64) AppleWebKit/537.36 (KHTML, like Gecko) Chrome/145.0.0.0 Safari/537.36"
