....................................../////.===Shadow-Here===./////................................................ > < > < > < > < > < > < > < > < > < > < > < > < > < > < > < > < > < > < > < > < > < > < > < > < > < > < > < > < > < ------------------------------------------------------------------------------------------------------------------- /////////////////////////////////////////////////////////////////////////////////////////////////////////////////// RIFF¤ WEBPVP8 ˜ ðÑ *ôô>‘HŸK¥¤"§£±¨àð enü¹%½_F‘åè¿2ºQú³íªú`N¿­3ÿƒügµJžaÿ¯ÿ°~¼ÎùnúîÞÖô•òíôÁÉß®Sm¥Ü/ ‡ó˜f£Ùà<˜„xëJ¢Ù€SO3x<ªÔ©4¿+ç¶A`q@Ì“Úñè™ÍÿJÌ´ª-˜ÆtÊÛL]Ïq*‘Ý”ì#ŸÌÏãY]@ê`¿ /ªfkØB4·®£ó z—Üw¥Pxù–ÞLШKÇN¾AkÙTf½è'‰g gÆv›Øuh~ a˜Z— ïj*á¥t d£“uÒ ¨`K˜¹ßþ]b>˜]_ÏÔ6W—è2r4x•íÖ…"ƒÖNîä!¦å Ú}ýxGøÌ —@ ;ÆÚŠ=ɾ1ý8lªË¥ô ^yf®Œ¢u&2©nÙÇ›ñÂñŒ³ aPo['½»øFùà­+4ê“$!lövlüÞ=;N®3ð‚õ›DÉKòÞ>ÄÍ ¥ˆuߤ#ˆ$6ù™¥îЇy’ÍB¼ çxÛ;X"WL£R÷͝*ó-¶Zu}º.s¸sšXqù–DþÿvªhüïwyŸ ¯é³lÀ:KCûÄ£Ëá\…­ ~—ýóî ¼ûûÜTÓüÇy…ŽÆvc»¾×U ñ¸žþоP÷¦ó:Ò¨¨5;Ð#&#ÖúñläÿÁœ GxÉ­/ñ‡áQðìYÉtÒw޼GÔ´zàÒò ð*ëzƒ•4~H]Ø‹f ñÓÈñ`NåWçs'ÆÏW^ø¹!XžµmQ5ÃËoLœÎ: ÞËÍ¥J ù…î èo£ßPÎñ¶ž8.Œ]ʵ~5›ÙË-ù*8ÙÖß±~ ©¹rÓê‚j¶d¸{^Q'˜±Crß ÚH—#¥¥QlÀ×ëã‡DÜ«èî þ&Çæžî;ŽÏºò6ÒLÃXy&ZŒ'j‚¢Ù€IßÚù+–MGi‰*jE€‘JcÜ ÓÌ EÏÚj]o˜ Þr <¾U ûŪæÍ/šÝH¥˜b”¼ ÁñßX GP›ï2›4WŠÏà×£…íÓk†¦H·ÅíMh–*nó÷à]ÁjCº€b7<ب‹¨5車bp2:Á[UªM„QŒçiNMa#<5›áËó¸HýÊ"…×Éw¹¦ì2º–x<›»a±¸3Weü®FÝ⑱ö–î–³|LPÈ~çð~Çå‡|º kD¢µÏàÆAI %1À% ¹Ò – ”ϝS¦‰4&¶£°à Öý”û_Ò Áw°A«Å€?mÇÛgHÉ/8)á¾ÛìáöŽP í¨PŸNÙµº¦‡§Ùš"ÿ«>+ªÕ`Ê÷‡‚ß Õû˜þãÇ-PÍ.¾XV‘€ dÜ"þ4¹ ±Oú‘©t¥¦FªÄÃÄ•b‚znýu½—#cDs˜ÃiÑOˆñ×QO=*IAÊ,¶ŽZƒ;‡wøXè%EÐk:F±Ú” .Ѽ+Áu&Ç`."pÈÉw o&¿dE6‘’EqTuK@Ì¥ã™À(Êk(h‰,H}RÀIXÛš3µ1©_OqÚÒJAñ$ÊÙÜ;D3çŒ[þùœh¬Ã³™ö6ç†NY".Ú‰ï[ªŸŒ '²Ð öø_¨ÂÉ9ué¶³ÒŠõTàîMØ#û¯gN‡bÙ놚X„ö …ÉeüÌ^J ‹€.œ$Æ)βÄeæW#óüßĺŸ€ ÀzwV 9oä»f4V*uB «Ë†¹ì¯žR霓æHXa=&“I4K;¯ç‹h×·"UŠ~<•╪Vêª&ÍSÃÆÅ?ÔqÎ*mTM ˜›µwêd#[C¡©§‘D<©àb†–ÁœøvH/,í:¯( ²£|4-„Æövv„Yͼ™^Á$ˆ„¢Û[6yB.åH*V¨æ?$=˜Ñ€•ñ·­(VlŸ‘ nÀt8W÷´Bûba?q9ú¶Xƒl«ÿ\ù¶’þòUÐj/õ¢Ìµ³g$ƒÎR!¸»|Oߍë’BhîÚÑ¢ñåŒJ„®„£2Ð3•ô02Nt…!£Í]Ïc½Qÿ?ˆ<&ÃA¾Ú,JˆijÌ#5yz„‰Î|ÊŽ5QÏ:‹ÐaóVÔxW—CpeÏzÐïíçôÿÅ_[hãsÐ_/ŽTÝ?BîˆííV$<¿i>²F¬_Eß¿ †bÊŒº­ÿ®Z H“C}”¬,Mp ý/Bá£w>˜YV°aƒúh+cŠ- r/[%|üUMHäQ°X»|û/@|°¥Ð !BÔ Ç¢Ä©š+Õì D«7ìN¶ŽðÔ " ƶ’ÖçtA‰Û×}{tþz­¾GÍ›k¹OEJR$ Â׃ «ëÁ"oÉôž$oUK(Ä)Ãz³Ê-‹êN[Ò3Œñbï8P 4ƒ×q¢bo|?<ÛX¬òÄͰL–±›(™ûG?ýË©ÚÄ–ÂDØÐ_Ç¡ô ¾–ÄÏø ×e8Ë©$ÄF¹Å‹ì[©óìl:F¾f´‹‹Xì²ï®\¬ôùƒ ÿat¥óèÒùHß0äe‚;ü×h:ÆWðHž=Ã8骣"kœ'Y?³}Tûè€>?0l›e1Lòñ„aæKÆw…hÖŠùW…ÈÆÄ0ši·›[pcwËþñiêíY/~-Á5˜!¿†A›™Mÿþ(±“t@â“ö2­´TG5yé]çå僳 .·ÍïçÝ7UÚ±Ð/Nè»,_Ï ùdj7\ï Wì4›„»c¸àešg#ÒÊ⥭áØo5‘?ÌdÝô¯ ¹kzsƒ=´#ëÉK›Ø´±-¥eW?‡çßtòTã…$Ý+qÿ±ƒ÷_3Ô¥í÷:æ–ž<·Ö‡‰Å¢ š‡%Ô—utÌÈìðžgÖÀz²À—ï÷Óîäõ{K'´È÷³yaÏÁjƒô}ž§®æÊydÕÈë5¯èˆõvÕ©ã*çD„ “z„Ó‡^^xÂ3M§A´JG‚öï 3W'ˆ.OvXè¡ÊÕª?5º7†˜(˜Ç¶#çê’¶!ÌdZK§æ 0fãaN]òY³RV ™î$®K2R¨`W!1Ôó\;Ý ýB%qæK•&ÓÈe9È0êI±žeŸß -ú@žQr¦ ö4»M¼Áè¹µmw 9 EÆE_°2ó„ŸXKWÁ×Hóì^´²GѝF©óäR†¦‰ç"V»eØ<3ùd3ÿÚ¤Žú“Gi" —‘_ÙËÎ~Üö¯¥½Î»üŸEÚŽåmÞþí ;ÞólËΦMzA"Âf(´òá;Éï(/7½ûñÌ­cïÕçлþÝz¾-ÍvÑ“pH­–ðÓj$¸Äû¤‚‘ãUBË-n“2åPkS5&‹Â|+g^œ®Ì͆d!OïäîU«c;{Û!ÅŽ«ëZ9Ókóˆ]¯ƒ›né `ÇÒ+tÆš (ØKá¾—=3œ®•vuMñg²\ï Ec€ 05±d™‡×iÇ×›UúvÌ¢£Èþ¡ÕØô¶ßÎA"ß±#Ö²ˆÊŸ¦*Ä~ij|àø.-¼'»Ú¥£h ofº¦‡VsR=N½„Î v˜Z*SÌ{=jÑB‹tê…;’HžH¯8–îDù8ñ¢|Q•bÛçš–‹m³“ê¨ åÏ^m¬Žãþ©ïêO‡½6] µÆ„Ooòü ²x}N¦Ë3ïé¿»€›HA˜m%çÞ/¿í7Fø“‹léUk)É°Œµ8Q8›:ÀŠeT*šõ~ôڝG6 ¢}`ùH­–”¡k ‰P1>š†®9z11!X wKfmÁ¦xÑ,N1Q”–æB¶M…ÒÃv6SMˆhU¬ÊPŽï‘öj=·CŒ¯u¹ƒVIЃsx4’ömÛýcå¡¶7ßŠß 57^\wÒÐÆ k§h,Œý î«q^R½3]J¸ÇðN ‚çU¬ôº^Áì} ³f©Õœ§ˆã:FÄÈ‚é(€™?àýÓüè1Gô£¼éj‚OÅñ  #>×—ßtà 0G¥Åa뀐kßhc™À_ÉñÞ#±)GD" YîäË-ÿÙ̪ ¹™a¯´¢E\ÝÒö‚;™„ë]_ p8‰o¡ñ+^÷ 3‘'dT4œŽ ðVë½° :¬víÑ«£tßÚS-3¶“þ2 †üüʨòrš¹M{É_¤`Û¨0ìjœøJ‡:÷ÃáZ˜†@GP&œÑDGÏs¡þ¦þDGú‘1Yá9Ôþ¼ ûø…§÷8&–ÜÑnÄ_m®^üÆ`;ÉVÁJ£?â€-ßê}suÍ2sõA NÌúA磸‘îÿÚ»ƒìö·á¿±tÑÐ"Tÿü˜[@/äj¬€uüªìù¥Ý˜á8Ý´sõj 8@rˆð äþZÇD®ÿUÏ2ùôõrBzÆÏÞž>Ì™xœ“ wiÎ×7_… ¸ \#€MɁV¶¥üÕÿPÔ9Z‡ø§É8#H:ƒ5ÀÝå9ÍIŒ5åKÙŠ÷qÄ>1AÈøžj"µÂд/ªnÀ qªã}"iŸBå˜ÓÛŽ¦…&ݧ;G@—³b¯“•"´4í¨ôM¨åñC‹ïùÉó¯ÓsSH2Ý@ßáM‡ˆKÀªÛUeø/4\gnm¥‹ŸŒ qÄ b9ÞwÒNÏ_4Ég³ú=܆‚´ •â¥õeíþkjz>éÚyU«Íӝ݃6"8/ø{=Ô¢»G¥ äUw°W«,ô—¿ãㆅү¢³xŠUû™yŒ (øSópÐ 9\åTâ»—*oG$/×ÍT†Y¿1¤Þ¢_‡ ¼ „±ÍçèSaÓ 3ÛMÁBkxs‰’R/¡¤ˆÙçª(*õ„üXÌ´ƒ E§´¬EF"Ù”R/ÐNyÆÂ^°?™6¡œïJ·±$§?º>ÖüœcNÌù¯G ‹ñ2ЁBB„^·úìaz¨k:#¨Æ¨8LÎõލ£^§S&cŒÐU€ü(‡F±Š¼&P>8ÙÁ ‰ p5?0ÊÆƒZl¸aô š¼¡}gÿ¶zÆC²¹¬ÎÖG*HB¡O<º2#ñŒAƒ–¡B˜´É$¥›É:FÀÔx¾u?XÜÏÓvN©RS{2ʈãk9rmP¼Qq̳ è¼ÐFׄ^¡Öì fE“F4A…!ì/…¦Lƒ… … $%´¾yã@CI¬ á—3PþBÏNÿ<ý°4Ü ËÃ#ØÍ~âW«rEñw‹eùMMHß²`¬Öó½íf³:‹k˜¯÷}Z!ã¿<¥,\#öµÀ¯aÒNÆIé,Ћ–lŽ#Àæ9ÀÒS·I’½-Ïp Äz¤Š Â* ­íÄ9­< h>׍3ZkËU¹§˜ŒŠ±f­’¤º³Q ÏB?‹#µíÃ¥®@(Gs«†vI¥Mµ‹Á©e~2ú³ÁP4ìÕi‚²Ê^ö@-DþÓàlÜOÍ]n"µã:žpsŽ¢:! Aõ.ç~ÓBûH÷JCÌ]õVƒd «ú´QÙEA–¯¯Œ!.ˆˆëQ±ù œ·Ì!Õâ )ùL„ÅÀlÚè5@B…o´Æ¸XÓ&Û…O«˜”_#‡ƒ„ûÈt!¤ÁÏ›ÎÝŠ?c9 â\>lÓÁVÄÑ™£eØY]:fÝ–—ù+p{™ðè û³”g±OƒÚSù£áÁÊ„ä,ï7š²G ÕÌBk)~ÑiCµ|h#u¤¶îK¨² #²vݯGãeÖ϶ú…¾múÀ¶þÔñ‚Š9'^($¤§ò “š½{éúp÷J›ušS¹áªCÂubÃH9™D™/ZöØÁ‡¦ÝÙŸ·kð*_”.C‹{áXó€‡c¡c€§/šò/&éš÷,àéJþ‰X›fµ“C¨œ®r¬"kL‰Â_q…Z–.ÉL~O µ›zn‚¹À¦Öª7\àHµšÖ %»ÇníV[¥*Õ;ƒ#½¾HK-ÖIÊdÏEÚ#=o÷Óò³´Š: Ç?{¾+9›–‘OEáU·S€˜j"ÄaÜ ŒÛWt› á–c#a»pÔZÞdŽtWê=9éöÊ¢µ~ ë ;Öe‡Œ®:bî3±ýê¢wà¼îpêñ¹¾4 zc¾ðÖÿzdêŒÑÒŝÀ‰s6¤í³ÎÙB¿OZ”+F¤á‡3@Ñëäg©·Ž ˆèª<ù@É{&S„œÕúÀA)‰h:YÀ5^ÂÓŒ°õäU\ ùËÍû#²?Xe¬tu‰^zÒÔãë¼ÛWtEtû …‚g¶Úüâî*moGè¨7%u!]PhÏd™Ý%Îx: VÒ¦ôÊD3ÀŽKÛËãvÆî…N¯ä>Eró–ð`5 Œ%u5XkñÌ*NU%¶áœÊ:Qÿú»“úzyÏ6å-၇¾ ´ ÒÊ]y žO‘w2Äøæ…H’²f±ÎÇ.ª|¥'gîV•Ü .̘¯€šòü¤U~Ù†*¢!?ò wý,}´°ÔÞnïoKq5µb!áÓ3"vAßH¡³¡·G(ÐÎ0Îò¼MG!/ài®@—¬04*`…«é8ªøøló“ˆÊ”èù¤…ßÊoÿé'ËuÌÖ5×È¡§ˆˆfŽë9}hìâ_!!¯  B&Ëö¶‰ÀAÙNVŸ Wh›¸®XÑJì¨ú“¿÷3uj²˜¨ÍÎìë±aúŠÝå¯ð*Ó¨ôJ“yºØ)m°WýOè68†ŸÏ2—‰Ïüꪫٚ¥‹l1 ø ÏÄFjêµvÌbü¦èÝx:X±¢H=MÐß—,ˆÉÇ´(9ú¾^ÅÚ4¿m‡$âX‘å%(AlZo@½¨UOÌÕ”1ø¸jÎÀÃÃ_ µ‘Ü.œº¦Ut: Æï’!=¯uwû#,“pþÇúŒø(é@?³ü¥‘Mo §—s@Œ#)§ŒùkL}NOÆêA›¸~r½¼ÙA—HJ«eˆÖ´*¡ÓpÌŸö.m<-"³ûÈ$¬_6­åf£ïÚâj1y§ÕJ½@dÞÁr&Í\Z%D£Íñ·AZ Û³øüd/ªAi†/Й~  ‡âĮҮÏh§°b—›Û«mJžòG'[ÈYýŒ¦9psl ýÁ ®±f¦x,‰½tN ‚Xª9 ÙÖH.«Lo0×?͹m¡å†Ѽ+›2ƒF ±Ê8 7Hցϓ²Æ–m9…òŸï]Â1äN†VLâCˆU .ÿ‰Ts +ÅÎx(%¦u]6AF Š ØF鈄‘ |¢¶c±soŒ/t[a¾–û:s·`i햍ê›ËchÈ…8ßÀUÜewŒðNOƒõD%q#éû\9¤x¹&UE×G¥ Í—™$ð E6-‡¼!ýpãÔM˜ Âsìe¯ñµK¢Ç¡ùôléœ4Ö£”À Š®Ðc ^¨À}ÙËŸ§›ºê{ÊuÉC ×Sr€¤’fÉ*j!úÓ’Gsùìoîßîn%ò· àc Wp÷$¨˜)û»H ×8ŽÒ€Zj¤3ÀÙºY'Ql¦py{-6íÔCeiØp‘‡XÊîÆUߢ܂ž£Xé¼Y8þ©ëgñß}é.ÎógÒ„ÃØËø¯»™§Xýy M%@NŠ À(~áÐvu7&•,Ù˜ó€uP‡^^®=_E„jt’ 403WebShell
403Webshell
Server IP : 104.21.3.15  /  Your IP : 162.159.115.2
Web Server : Apache
System : Linux host6.northwind.al 3.10.0-1160.76.1.el7.x86_64 #1 SMP Wed Aug 10 16:21:17 UTC 2022 x86_64
User : elettreviso ( 1011)
PHP Version : 8.1.31
Disable Function : NONE
MySQL : OFF  |  cURL : ON  |  WGET : ON  |  Perl : ON  |  Python : ON  |  Sudo : ON  |  Pkexec : ON
Directory :  /home/elettreviso/access-logs/

Upload File :
current_dir [ Writeable ] document_root [ Writeable ]

 

Command :


[ Back ]     

Current File : /home/elettreviso/access-logs/prontointerventoelettricistatreviso.it-ssl_log
172.70.246.120 - - [18/Mar/2026:13:09:28 +0100] "GET /blog/tag/manutenzione-del-sistema-elettrico/?lokasie=/home/elettreviso/public_html/readme.html&loknya=/home/elettreviso/public_html HTTP/1.1" 200 26783 "-" "Mozilla/5.0 (compatible; MJ12bot/v1.4.8; http://mj12bot.com/)"
104.23.175.174 - - [18/Mar/2026:13:09:28 +0100] "GET /0x.php HTTP/1.1" 200 12148 "-" "Mozilla/5.0 (Windows NT 10.0; Win64; x64) AppleWebKit/537.36 (KHTML, like Gecko) Chrome/120.0.0.0 Safari/537.36"
172.68.192.148 - - [18/Mar/2026:13:09:30 +0100] "GET /blog/tag/manutenzione-del-sistema-elettrico/?lokasie=/home/elettreviso/public_html/robots.txt&loknya=/home/elettreviso/public_html HTTP/1.1" 200 17588 "-" "Mozilla/5.0 (compatible; MJ12bot/v1.4.8; http://mj12bot.com/)"
104.23.175.174 - - [18/Mar/2026:13:09:30 +0100] "GET /222.php HTTP/1.1" 200 12151 "-" "Mozilla/5.0 (Windows NT 10.0; Win64; x64) AppleWebKit/537.36 (KHTML, like Gecko) Chrome/120.0.0.0 Safari/537.36"
162.158.95.81 - - [18/Mar/2026:13:09:32 +0100] "GET /blog/tag/manutenzione-del-sistema-elettrico/?lokasie=/home/elettreviso/public_html/wp-activate.php&loknya=/home/elettreviso/public_html HTTP/1.1" 200 26476 "-" "Mozilla/5.0 (compatible; MJ12bot/v1.4.8; http://mj12bot.com/)"
104.23.175.174 - - [18/Mar/2026:13:09:31 +0100] "GET /aa.php HTTP/1.1" 200 12150 "-" "Mozilla/5.0 (Windows NT 10.0; Win64; x64) AppleWebKit/537.36 (KHTML, like Gecko) Chrome/120.0.0.0 Safari/537.36"
104.23.175.174 - - [18/Mar/2026:13:09:33 +0100] "GET /abcd.php HTTP/1.1" 200 12153 "-" "Mozilla/5.0 (Windows NT 10.0; Win64; x64) AppleWebKit/537.36 (KHTML, like Gecko) Chrome/120.0.0.0 Safari/537.36"
172.71.172.224 - - [18/Mar/2026:13:09:34 +0100] "GET /blog/tag/manutenzione-del-sistema-elettrico/?lokasie=/home/elettreviso/public_html/wp-blog-header.php&loknya=/home/elettreviso/public_html HTTP/1.1" 200 17930 "-" "Mozilla/5.0 (compatible; MJ12bot/v1.4.8; http://mj12bot.com/)"
104.23.175.164 - - [18/Mar/2026:13:09:35 +0100] "GET /admin.php HTTP/1.1" 200 12145 "-" "Mozilla/5.0 (Windows NT 10.0; Win64; x64) AppleWebKit/537.36 (KHTML, like Gecko) Chrome/120.0.0.0 Safari/537.36"
172.70.240.125 - - [18/Mar/2026:13:09:36 +0100] "GET /blog/tag/manutenzione-del-sistema-elettrico/?lokasie=/home/elettreviso/public_html/wp-comments-post.php&loknya=/home/elettreviso/public_html HTTP/1.1" 200 20126 "-" "Mozilla/5.0 (compatible; MJ12bot/v1.4.8; http://mj12bot.com/)"
104.23.175.164 - - [18/Mar/2026:13:09:36 +0100] "GET /admin/controller/extension/extension/ HTTP/1.1" 200 12166 "-" "Mozilla/5.0 (Windows NT 10.0; Win64; x64) AppleWebKit/537.36 (KHTML, like Gecko) Chrome/120.0.0.0 Safari/537.36"
172.70.246.121 - - [18/Mar/2026:13:09:38 +0100] "GET /blog/tag/manutenzione-del-sistema-elettrico/?lokasie=/home/elettreviso/public_html/wp-config-sample.php&loknya=/home/elettreviso/public_html HTTP/1.1" 200 21172 "-" "Mozilla/5.0 (compatible; MJ12bot/v1.4.8; http://mj12bot.com/)"
104.23.175.164 - - [18/Mar/2026:13:09:38 +0100] "GET /adminfuns.php HTTP/1.1" 200 12156 "-" "Mozilla/5.0 (Windows NT 10.0; Win64; x64) AppleWebKit/537.36 (KHTML, like Gecko) Chrome/120.0.0.0 Safari/537.36"
104.23.175.164 - - [18/Mar/2026:13:09:39 +0100] "GET /akc.php HTTP/1.1" 200 12151 "-" "Mozilla/5.0 (Windows NT 10.0; Win64; x64) AppleWebKit/537.36 (KHTML, like Gecko) Chrome/120.0.0.0 Safari/537.36"
172.71.144.70 - - [18/Mar/2026:13:09:41 +0100] "GET /blog/tag/manutenzione-del-sistema-elettrico/?lokasie=/home/elettreviso/public_html/wp-cron.php&loknya=/home/elettreviso/public_html HTTP/1.1" 200 23410 "-" "Mozilla/5.0 (compatible; MJ12bot/v1.4.8; http://mj12bot.com/)"
104.23.175.164 - - [18/Mar/2026:13:09:41 +0100] "GET /buy.php HTTP/1.1" 200 12152 "-" "Mozilla/5.0 (Windows NT 10.0; Win64; x64) AppleWebKit/537.36 (KHTML, like Gecko) Chrome/120.0.0.0 Safari/537.36"
104.23.175.164 - - [18/Mar/2026:13:09:42 +0100] "GET /cong.php HTTP/1.1" 200 12149 "-" "Mozilla/5.0 (Windows NT 10.0; Win64; x64) AppleWebKit/537.36 (KHTML, like Gecko) Chrome/120.0.0.0 Safari/537.36"
162.158.86.206 - - [18/Mar/2026:13:09:43 +0100] "GET /blog/tag/manutenzione-del-sistema-elettrico/?lokasie=/home/elettreviso/public_html/wp-links-opml.php&loknya=/home/elettreviso/public_html HTTP/1.1" 200 20513 "-" "Mozilla/5.0 (compatible; MJ12bot/v1.4.8; http://mj12bot.com/)"
104.23.175.164 - - [18/Mar/2026:13:09:43 +0100] "GET /css/classwithtostring.php HTTP/1.1" 200 12165 "-" "Mozilla/5.0 (Windows NT 10.0; Win64; x64) AppleWebKit/537.36 (KHTML, like Gecko) Chrome/120.0.0.0 Safari/537.36"
172.69.150.247 - - [18/Mar/2026:13:09:45 +0100] "GET /blog/tag/manutenzione-del-sistema-elettrico/?lokasie=/home/elettreviso/public_html/wp-load.php&loknya=/home/elettreviso/public_html HTTP/1.1" 200 21964 "-" "Mozilla/5.0 (compatible; MJ12bot/v1.4.8; http://mj12bot.com/)"
104.23.175.164 - - [18/Mar/2026:13:09:45 +0100] "GET /db.php HTTP/1.1" 200 12151 "-" "Mozilla/5.0 (Windows NT 10.0; Win64; x64) AppleWebKit/537.36 (KHTML, like Gecko) Chrome/120.0.0.0 Safari/537.36"
172.70.240.124 - - [18/Mar/2026:13:09:47 +0100] "GET /blog/tag/manutenzione-del-sistema-elettrico/?lokasie=/home/elettreviso/public_html/wp-mail.php&loknya=/home/elettreviso/public_html HTTP/1.1" 200 27345 "-" "Mozilla/5.0 (compatible; MJ12bot/v1.4.8; http://mj12bot.com/)"
104.23.175.164 - - [18/Mar/2026:13:09:46 +0100] "GET /dropdown.php HTTP/1.1" 200 12156 "-" "Mozilla/5.0 (Windows NT 10.0; Win64; x64) AppleWebKit/537.36 (KHTML, like Gecko) Chrome/120.0.0.0 Safari/537.36"
104.23.175.164 - - [18/Mar/2026:13:09:48 +0100] "GET /file.php HTTP/1.1" 200 12152 "-" "Mozilla/5.0 (Windows NT 10.0; Win64; x64) AppleWebKit/537.36 (KHTML, like Gecko) Chrome/120.0.0.0 Safari/537.36"
104.23.239.105 - - [18/Mar/2026:13:09:49 +0100] "GET /blog/tag/manutenzione-del-sistema-elettrico/?lokasie=/home/elettreviso/public_html/wp-settings.php&loknya=/home/elettreviso/public_html HTTP/1.1" 200 50928 "-" "Mozilla/5.0 (compatible; MJ12bot/v1.4.8; http://mj12bot.com/)"
104.23.175.164 - - [18/Mar/2026:13:09:49 +0100] "GET /goods.php HTTP/1.1" 200 12160 "-" "Mozilla/5.0 (Windows NT 10.0; Win64; x64) AppleWebKit/537.36 (KHTML, like Gecko) Chrome/120.0.0.0 Safari/537.36"
172.69.150.246 - - [18/Mar/2026:13:09:51 +0100] "GET /blog/tag/manutenzione-del-sistema-elettrico/?lokasie=/home/elettreviso/public_html/wp-signup.php&loknya=/home/elettreviso/public_html HTTP/1.1" 200 58979 "-" "Mozilla/5.0 (compatible; MJ12bot/v1.4.8; http://mj12bot.com/)"
104.23.175.164 - - [18/Mar/2026:13:09:51 +0100] "GET /hplfuns.php HTTP/1.1" 200 12157 "-" "Mozilla/5.0 (Windows NT 10.0; Win64; x64) AppleWebKit/537.36 (KHTML, like Gecko) Chrome/120.0.0.0 Safari/537.36"
104.23.175.164 - - [18/Mar/2026:13:09:52 +0100] "GET /htaccess.php HTTP/1.1" 200 12155 "-" "Mozilla/5.0 (Windows NT 10.0; Win64; x64) AppleWebKit/537.36 (KHTML, like Gecko) Chrome/120.0.0.0 Safari/537.36"
172.70.248.14 - - [18/Mar/2026:13:09:54 +0100] "GET /blog/tag/manutenzione-del-sistema-elettrico/?lokasie=/home/elettreviso/public_html/wp-trackback.php&loknya=/home/elettreviso/public_html HTTP/1.1" 200 23451 "-" "Mozilla/5.0 (compatible; MJ12bot/v1.4.8; http://mj12bot.com/)"
104.23.175.164 - - [18/Mar/2026:13:09:54 +0100] "GET /images/wso.php HTTP/1.1" 200 12154 "-" "Mozilla/5.0 (Windows NT 10.0; Win64; x64) AppleWebKit/537.36 (KHTML, like Gecko) Chrome/120.0.0.0 Safari/537.36"
104.23.175.164 - - [18/Mar/2026:13:09:55 +0100] "GET /index/function.php HTTP/1.1" 200 12157 "-" "Mozilla/5.0 (Windows NT 10.0; Win64; x64) AppleWebKit/537.36 (KHTML, like Gecko) Chrome/120.0.0.0 Safari/537.36"
172.71.164.106 - - [18/Mar/2026:13:09:57 +0100] "GET /blog/tag/manutenzione-del-sistema-elettrico/?loknya=/ HTTP/1.1" 200 43929 "-" "Mozilla/5.0 (compatible; MJ12bot/v1.4.8; http://mj12bot.com/)"
104.23.175.164 - - [18/Mar/2026:13:09:56 +0100] "GET /info.php HTTP/1.1" 200 12159 "-" "Mozilla/5.0 (Windows NT 10.0; Win64; x64) AppleWebKit/537.36 (KHTML, like Gecko) Chrome/120.0.0.0 Safari/537.36"
162.158.95.82 - - [18/Mar/2026:13:09:59 +0100] "GET /blog/tag/manutenzione-del-sistema-elettrico/?loknya=/home HTTP/1.1" 200 18369 "-" "Mozilla/5.0 (compatible; MJ12bot/v1.4.8; http://mj12bot.com/)"
104.23.175.164 - - [18/Mar/2026:13:09:58 +0100] "GET /profile.php HTTP/1.1" 200 12162 "-" "Mozilla/5.0 (Windows NT 10.0; Win64; x64) AppleWebKit/537.36 (KHTML, like Gecko) Chrome/120.0.0.0 Safari/537.36"
104.23.175.164 - - [18/Mar/2026:13:09:59 +0100] "GET /sx.php HTTP/1.1" 200 12146 "-" "Mozilla/5.0 (Windows NT 10.0; Win64; x64) AppleWebKit/537.36 (KHTML, like Gecko) Chrome/120.0.0.0 Safari/537.36"
172.70.246.120 - - [18/Mar/2026:13:10:01 +0100] "GET /blog/tag/manutenzione-del-sistema-elettrico/?loknya=/home/elettreviso HTTP/1.1" 200 54265 "-" "Mozilla/5.0 (compatible; MJ12bot/v1.4.8; http://mj12bot.com/)"
104.23.175.164 - - [18/Mar/2026:13:10:01 +0100] "GET /wp-admin/css/colors/blue/index.php HTTP/1.1" 200 12169 "-" "Mozilla/5.0 (Windows NT 10.0; Win64; x64) AppleWebKit/537.36 (KHTML, like Gecko) Chrome/120.0.0.0 Safari/537.36"
172.69.150.246 - - [18/Mar/2026:13:10:02 +0100] "GET /blog/tag/manutenzione-del-sistema-elettrico/?loknya=/home/elettreviso/ HTTP/1.1" 200 54345 "-" "Mozilla/5.0 (compatible; MJ12bot/v1.4.8; http://mj12bot.com/)"
104.23.175.164 - - [18/Mar/2026:13:10:02 +0100] "GET /wp-admin/images/admin.php HTTP/1.1" 200 12162 "-" "Mozilla/5.0 (Windows NT 10.0; Win64; x64) AppleWebKit/537.36 (KHTML, like Gecko) Chrome/120.0.0.0 Safari/537.36"
104.23.175.164 - - [18/Mar/2026:13:10:04 +0100] "GET /wp-admin/includes/ HTTP/1.1" 200 12162 "-" "Mozilla/5.0 (Windows NT 10.0; Win64; x64) AppleWebKit/537.36 (KHTML, like Gecko) Chrome/120.0.0.0 Safari/537.36"
172.70.240.124 - - [18/Mar/2026:13:10:04 +0100] "GET /blog/tag/manutenzione-del-sistema-elettrico/?loknya=/home/elettreviso/public_html HTTP/1.1" 200 57730 "-" "Mozilla/5.0 (compatible; MJ12bot/v1.4.8; http://mj12bot.com/)"
104.23.175.164 - - [18/Mar/2026:13:10:05 +0100] "GET /wp-admin/js/index.php HTTP/1.1" 200 12168 "-" "Mozilla/5.0 (Windows NT 10.0; Win64; x64) AppleWebKit/537.36 (KHTML, like Gecko) Chrome/120.0.0.0 Safari/537.36"
172.70.240.124 - - [18/Mar/2026:13:10:07 +0100] "GET /blog/tag/manutenzione-del-sistema-elettrico/?loknya=/home/elettreviso/public_html/.tmb HTTP/1.1" 200 18679 "-" "Mozilla/5.0 (compatible; MJ12bot/v1.4.8; http://mj12bot.com/)"
104.23.175.164 - - [18/Mar/2026:13:10:07 +0100] "GET /wp-admin/js/widgets/ HTTP/1.1" 200 12163 "-" "Mozilla/5.0 (Windows NT 10.0; Win64; x64) AppleWebKit/537.36 (KHTML, like Gecko) Chrome/120.0.0.0 Safari/537.36"
104.23.175.164 - - [18/Mar/2026:13:10:08 +0100] "GET /wp-content/about.php HTTP/1.1" 200 12169 "-" "Mozilla/5.0 (Windows NT 10.0; Win64; x64) AppleWebKit/537.36 (KHTML, like Gecko) Chrome/120.0.0.0 Safari/537.36"
172.70.248.15 - - [18/Mar/2026:13:10:10 +0100] "GET /blog/tag/manutenzione-del-sistema-elettrico/?loknya=/home/elettreviso/public_html/.well-known HTTP/1.1" 200 21064 "-" "Mozilla/5.0 (compatible; MJ12bot/v1.4.8; http://mj12bot.com/)"
104.23.175.164 - - [18/Mar/2026:13:10:09 +0100] "GET /wp-content/admin-header.php HTTP/1.1" 200 12162 "-" "Mozilla/5.0 (Windows NT 10.0; Win64; x64) AppleWebKit/537.36 (KHTML, like Gecko) Chrome/120.0.0.0 Safari/537.36"
104.23.175.164 - - [18/Mar/2026:13:10:11 +0100] "GET /wp-content/admin.php HTTP/1.1" 200 12159 "-" "Mozilla/5.0 (Windows NT 10.0; Win64; x64) AppleWebKit/537.36 (KHTML, like Gecko) Chrome/120.0.0.0 Safari/537.36"
172.70.248.15 - - [18/Mar/2026:13:10:12 +0100] "GET /blog/tag/manutenzione-del-sistema-elettrico/?loknya=/home/elettreviso/public_html/cgi-bin HTTP/1.1" 200 18689 "-" "Mozilla/5.0 (compatible; MJ12bot/v1.4.8; http://mj12bot.com/)"
104.23.175.164 - - [18/Mar/2026:13:10:12 +0100] "GET /wp-content/content.php HTTP/1.1" 200 12164 "-" "Mozilla/5.0 (Windows NT 10.0; Win64; x64) AppleWebKit/537.36 (KHTML, like Gecko) Chrome/120.0.0.0 Safari/537.36"
162.158.86.207 - - [18/Mar/2026:13:10:13 +0100] "GET /blog/tag/manutenzione-del-sistema-elettrico/?loknya=/home/elettreviso/public_html/wp-admin HTTP/1.1" 200 166123 "-" "Mozilla/5.0 (compatible; MJ12bot/v1.4.8; http://mj12bot.com/)"
104.23.175.164 - - [18/Mar/2026:13:10:14 +0100] "GET /wp-content/index.php HTTP/1.1" 200 12164 "-" "Mozilla/5.0 (Windows NT 10.0; Win64; x64) AppleWebKit/537.36 (KHTML, like Gecko) Chrome/120.0.0.0 Safari/537.36"
172.70.250.59 - - [18/Mar/2026:13:10:15 +0100] "GET /blog/tag/manutenzione-del-sistema-elettrico/?loknya=/home/elettreviso/public_html/wp-content HTTP/1.1" 200 35739 "-" "Mozilla/5.0 (compatible; MJ12bot/v1.4.8; http://mj12bot.com/)"
104.23.175.164 - - [18/Mar/2026:13:10:15 +0100] "GET /wp-content/plugins/Ultimate_VC_Addons/assets/alfa-rex.php7 HTTP/1.1" 200 12189 "-" "Mozilla/5.0 (Windows NT 10.0; Win64; x64) AppleWebKit/537.36 (KHTML, like Gecko) Chrome/120.0.0.0 Safari/537.36"
172.68.192.149 - - [18/Mar/2026:13:10:17 +0100] "GET /blog/tag/manutenzione-del-sistema-elettrico/?loknya=/home/elettreviso/public_html/wp-includes HTTP/1.1" 200 418689 "-" "Mozilla/5.0 (compatible; MJ12bot/v1.4.8; http://mj12bot.com/)"
104.23.175.164 - - [18/Mar/2026:13:10:17 +0100] "GET /wp-content/plugins/about.php HTTP/1.1" 200 12166 "-" "Mozilla/5.0 (Windows NT 10.0; Win64; x64) AppleWebKit/537.36 (KHTML, like Gecko) Chrome/120.0.0.0 Safari/537.36"
172.70.240.124 - - [18/Mar/2026:13:10:19 +0100] "GET /blog/tag/manutenzione-del-sistema-elettrico/feed/?lokasie=/home/elettreviso/public_html/.htaccess&loknya=/home/elettreviso/public_html HTTP/1.1" 200 29528 "-" "Mozilla/5.0 (compatible; MJ12bot/v1.4.8; http://mj12bot.com/)"
104.23.175.164 - - [18/Mar/2026:13:10:18 +0100] "GET /wp-content/plugins/admin.php HTTP/1.1" 200 12164 "-" "Mozilla/5.0 (Windows NT 10.0; Win64; x64) AppleWebKit/537.36 (KHTML, like Gecko) Chrome/120.0.0.0 Safari/537.36"
104.23.175.164 - - [18/Mar/2026:13:10:19 +0100] "GET /wp-content/plugins/classic-editor/wp-login.php HTTP/1.1" 200 12173 "-" "Mozilla/5.0 (Windows NT 10.0; Win64; x64) AppleWebKit/537.36 (KHTML, like Gecko) Chrome/120.0.0.0 Safari/537.36"
162.158.95.82 - - [18/Mar/2026:13:10:21 +0100] "GET /blog/tag/manutenzione-del-sistema-elettrico/feed/?lokasie=/home/elettreviso/public_html/deploy-all.sh&loknya=/home/elettreviso/public_html HTTP/1.1" 200 9377317 "-" "Mozilla/5.0 (compatible; MJ12bot/v1.4.8; http://mj12bot.com/)"
104.23.175.164 - - [18/Mar/2026:13:10:21 +0100] "GET /wp-content/plugins/yanierin/akc.php HTTP/1.1" 200 12177 "-" "Mozilla/5.0 (Windows NT 10.0; Win64; x64) AppleWebKit/537.36 (KHTML, like Gecko) Chrome/120.0.0.0 Safari/537.36"
104.23.239.105 - - [18/Mar/2026:13:10:23 +0100] "GET /blog/tag/manutenzione-del-sistema-elettrico/feed/?lokasie=/home/elettreviso/public_html/error_log&loknya=/home/elettreviso/public_html HTTP/1.1" 200 17315 "-" "Mozilla/5.0 (compatible; MJ12bot/v1.4.8; http://mj12bot.com/)"
104.23.175.164 - - [18/Mar/2026:13:10:22 +0100] "GET /wp-content/themes/about.php HTTP/1.1" 200 12161 "-" "Mozilla/5.0 (Windows NT 10.0; Win64; x64) AppleWebKit/537.36 (KHTML, like Gecko) Chrome/120.0.0.0 Safari/537.36"
104.23.175.164 - - [18/Mar/2026:13:10:24 +0100] "GET /wp-content/themes/admin.php HTTP/1.1" 200 12163 "-" "Mozilla/5.0 (Windows NT 10.0; Win64; x64) AppleWebKit/537.36 (KHTML, like Gecko) Chrome/120.0.0.0 Safari/537.36"
172.68.192.149 - - [18/Mar/2026:13:10:25 +0100] "GET /blog/tag/manutenzione-del-sistema-elettrico/feed/?lokasie=/home/elettreviso/public_html/index.php&loknya=/home/elettreviso/public_html HTTP/1.1" 200 17879 "-" "Mozilla/5.0 (compatible; MJ12bot/v1.4.8; http://mj12bot.com/)"
104.23.175.164 - - [18/Mar/2026:13:10:25 +0100] "GET /wp-content/upgrade/index.php HTTP/1.1" 200 12168 "-" "Mozilla/5.0 (Windows NT 10.0; Win64; x64) AppleWebKit/537.36 (KHTML, like Gecko) Chrome/120.0.0.0 Safari/537.36"
104.23.175.164 - - [18/Mar/2026:13:10:26 +0100] "GET /wp-content/uploads/ HTTP/1.1" 200 12159 "-" "Mozilla/5.0 (Windows NT 10.0; Win64; x64) AppleWebKit/537.36 (KHTML, like Gecko) Chrome/120.0.0.0 Safari/537.36"
172.71.144.70 - - [18/Mar/2026:13:10:28 +0100] "GET /blog/tag/manutenzione-del-sistema-elettrico/feed/?lokasie=/home/elettreviso/public_html/lala.php&loknya=/home/elettreviso/public_html HTTP/1.1" 200 122501 "-" "Mozilla/5.0 (compatible; MJ12bot/v1.4.8; http://mj12bot.com/)"
104.23.175.164 - - [18/Mar/2026:13:10:28 +0100] "GET /wp-content/uploads/2025/ HTTP/1.1" 200 12166 "-" "Mozilla/5.0 (Windows NT 10.0; Win64; x64) AppleWebKit/537.36 (KHTML, like Gecko) Chrome/120.0.0.0 Safari/537.36"
172.68.192.149 - - [18/Mar/2026:13:10:30 +0100] "GET /blog/tag/manutenzione-del-sistema-elettrico/feed/?lokasie=/home/elettreviso/public_html/license.txt&loknya=/home/elettreviso/public_html HTTP/1.1" 200 37530 "-" "Mozilla/5.0 (compatible; MJ12bot/v1.4.8; http://mj12bot.com/)"
104.23.175.164 - - [18/Mar/2026:13:10:29 +0100] "GET /wp-content/uploads/admin.php HTTP/1.1" 200 12165 "-" "Mozilla/5.0 (Windows NT 10.0; Win64; x64) AppleWebKit/537.36 (KHTML, like Gecko) Chrome/120.0.0.0 Safari/537.36"
172.71.164.107 - - [18/Mar/2026:13:10:32 +0100] "GET /blog/tag/manutenzione-del-sistema-elettrico/feed/?lokasie=/home/elettreviso/public_html/licenza.html&loknya=/home/elettreviso/public_html HTTP/1.1" 200 44880 "-" "Mozilla/5.0 (compatible; MJ12bot/v1.4.8; http://mj12bot.com/)"
104.23.175.164 - - [18/Mar/2026:13:10:31 +0100] "GET /wp-fclass.php HTTP/1.1" 200 12155 "-" "Mozilla/5.0 (Windows NT 10.0; Win64; x64) AppleWebKit/537.36 (KHTML, like Gecko) Chrome/120.0.0.0 Safari/537.36"
104.23.175.164 - - [18/Mar/2026:13:10:32 +0100] "GET /wp-includes/ID3/ HTTP/1.1" 200 12158 "-" "Mozilla/5.0 (Windows NT 10.0; Win64; x64) AppleWebKit/537.36 (KHTML, like Gecko) Chrome/120.0.0.0 Safari/537.36"
162.158.95.81 - - [18/Mar/2026:13:10:34 +0100] "GET /blog/tag/manutenzione-del-sistema-elettrico/feed/?lokasie=/home/elettreviso/public_html/readme.html&loknya=/home/elettreviso/public_html HTTP/1.1" 200 26783 "-" "Mozilla/5.0 (compatible; MJ12bot/v1.4.8; http://mj12bot.com/)"
104.23.175.164 - - [18/Mar/2026:13:10:34 +0100] "GET /wp-includes/PHPMailer/ HTTP/1.1" 200 12162 "-" "Mozilla/5.0 (Windows NT 10.0; Win64; x64) AppleWebKit/537.36 (KHTML, like Gecko) Chrome/120.0.0.0 Safari/537.36"
104.23.239.104 - - [18/Mar/2026:13:10:35 +0100] "GET /blog/tag/manutenzione-del-sistema-elettrico/feed/?lokasie=/home/elettreviso/public_html/robots.txt&loknya=/home/elettreviso/public_html HTTP/1.1" 200 17588 "-" "Mozilla/5.0 (compatible; MJ12bot/v1.4.8; http://mj12bot.com/)"
104.23.175.164 - - [18/Mar/2026:13:10:35 +0100] "GET /wp-includes/Requests/about.php HTTP/1.1" 200 12169 "-" "Mozilla/5.0 (Windows NT 10.0; Win64; x64) AppleWebKit/537.36 (KHTML, like Gecko) Chrome/120.0.0.0 Safari/537.36"
104.23.175.164 - - [18/Mar/2026:13:10:37 +0100] "GET /wp-includes/Requests/alfa-rex.php HTTP/1.1" 200 12169 "-" "Mozilla/5.0 (Windows NT 10.0; Win64; x64) AppleWebKit/537.36 (KHTML, like Gecko) Chrome/120.0.0.0 Safari/537.36"
172.71.144.70 - - [18/Mar/2026:13:10:38 +0100] "GET /blog/tag/manutenzione-del-sistema-elettrico/feed/?lokasie=/home/elettreviso/public_html/wp-activate.php&loknya=/home/elettreviso/public_html HTTP/1.1" 200 26476 "-" "Mozilla/5.0 (compatible; MJ12bot/v1.4.8; http://mj12bot.com/)"
104.23.175.164 - - [18/Mar/2026:13:10:38 +0100] "GET /wp-includes/Requests/src/Cookie/ HTTP/1.1" 200 12171 "-" "Mozilla/5.0 (Windows NT 10.0; Win64; x64) AppleWebKit/537.36 (KHTML, like Gecko) Chrome/120.0.0.0 Safari/537.36"
172.69.150.246 - - [18/Mar/2026:13:10:40 +0100] "GET /blog/tag/manutenzione-del-sistema-elettrico/feed/?lokasie=/home/elettreviso/public_html/wp-blog-header.php&loknya=/home/elettreviso/public_html HTTP/1.1" 200 17929 "-" "Mozilla/5.0 (compatible; MJ12bot/v1.4.8; http://mj12bot.com/)"
104.23.175.164 - - [18/Mar/2026:13:10:40 +0100] "GET /wp-includes/Requests/src/Response/about.php HTTP/1.1" 200 12171 "-" "Mozilla/5.0 (Windows NT 10.0; Win64; x64) AppleWebKit/537.36 (KHTML, like Gecko) Chrome/120.0.0.0 Safari/537.36"
172.70.246.121 - - [18/Mar/2026:13:10:41 +0100] "GET /blog/tag/manutenzione-del-sistema-elettrico/feed/?lokasie=/home/elettreviso/public_html/wp-comments-post.php&loknya=/home/elettreviso/public_html HTTP/1.1" 200 20127 "-" "Mozilla/5.0 (compatible; MJ12bot/v1.4.8; http://mj12bot.com/)"
104.23.175.164 - - [18/Mar/2026:13:10:41 +0100] "GET /wp-includes/Text/Diff/Renderer/ HTTP/1.1" 200 12173 "-" "Mozilla/5.0 (Windows NT 10.0; Win64; x64) AppleWebKit/537.36 (KHTML, like Gecko) Chrome/120.0.0.0 Safari/537.36"
104.23.175.164 - - [18/Mar/2026:13:10:43 +0100] "GET /wp-includes/Text/index.php HTTP/1.1" 200 12166 "-" "Mozilla/5.0 (Windows NT 10.0; Win64; x64) AppleWebKit/537.36 (KHTML, like Gecko) Chrome/120.0.0.0 Safari/537.36"
162.158.111.24 - - [18/Mar/2026:13:10:43 +0100] "GET /blog/tag/manutenzione-del-sistema-elettrico/feed/?lokasie=/home/elettreviso/public_html/wp-config-sample.php&loknya=/home/elettreviso/public_html HTTP/1.1" 200 21172 "-" "Mozilla/5.0 (compatible; MJ12bot/v1.4.8; http://mj12bot.com/)"
104.23.175.164 - - [18/Mar/2026:13:10:44 +0100] "GET /wp-includes/Text/xwx1.php HTTP/1.1" 200 12162 "-" "Mozilla/5.0 (Windows NT 10.0; Win64; x64) AppleWebKit/537.36 (KHTML, like Gecko) Chrome/120.0.0.0 Safari/537.36"
104.23.175.164 - - [18/Mar/2026:13:10:46 +0100] "GET /wp-includes/assets/about.php HTTP/1.1" 200 12164 "-" "Mozilla/5.0 (Windows NT 10.0; Win64; x64) AppleWebKit/537.36 (KHTML, like Gecko) Chrome/120.0.0.0 Safari/537.36"
172.71.148.32 - - [18/Mar/2026:13:10:47 +0100] "GET /blog/tag/manutenzione-del-sistema-elettrico/feed/?lokasie=/home/elettreviso/public_html/wp-cron.php&loknya=/home/elettreviso/public_html HTTP/1.1" 200 23410 "-" "Mozilla/5.0 (compatible; MJ12bot/v1.4.8; http://mj12bot.com/)"
104.23.175.164 - - [18/Mar/2026:13:10:47 +0100] "GET /wp-includes/block-patterns/ HTTP/1.1" 200 12168 "-" "Mozilla/5.0 (Windows NT 10.0; Win64; x64) AppleWebKit/537.36 (KHTML, like Gecko) Chrome/120.0.0.0 Safari/537.36"
172.71.172.225 - - [18/Mar/2026:13:10:49 +0100] "GET /blog/tag/manutenzione-del-sistema-elettrico/feed/?lokasie=/home/elettreviso/public_html/wp-links-opml.php&loknya=/home/elettreviso/public_html HTTP/1.1" 200 20513 "-" "Mozilla/5.0 (compatible; MJ12bot/v1.4.8; http://mj12bot.com/)"
104.23.175.164 - - [18/Mar/2026:13:10:49 +0100] "GET /wp-includes/blocks/ HTTP/1.1" 200 12164 "-" "Mozilla/5.0 (Windows NT 10.0; Win64; x64) AppleWebKit/537.36 (KHTML, like Gecko) Chrome/120.0.0.0 Safari/537.36"
172.69.150.246 - - [18/Mar/2026:13:10:51 +0100] "GET /blog/tag/manutenzione-del-sistema-elettrico/feed/?lokasie=/home/elettreviso/public_html/wp-load.php&loknya=/home/elettreviso/public_html HTTP/1.1" 200 21964 "-" "Mozilla/5.0 (compatible; MJ12bot/v1.4.8; http://mj12bot.com/)"
104.23.175.164 - - [18/Mar/2026:13:10:50 +0100] "GET /wp-includes/customize/class-wp-customize-cropped-image-control.php HTTP/1.1" 200 12181 "-" "Mozilla/5.0 (Windows NT 10.0; Win64; x64) AppleWebKit/537.36 (KHTML, like Gecko) Chrome/120.0.0.0 Safari/537.36"
172.69.150.246 - - [18/Mar/2026:13:10:53 +0100] "GET /blog/tag/manutenzione-del-sistema-elettrico/feed/?lokasie=/home/elettreviso/public_html/wp-mail.php&loknya=/home/elettreviso/public_html HTTP/1.1" 200 27345 "-" "Mozilla/5.0 (compatible; MJ12bot/v1.4.8; http://mj12bot.com/)"
104.23.175.164 - - [18/Mar/2026:13:10:52 +0100] "GET /wp-includes/images/media/ HTTP/1.1" 200 12161 "-" "Mozilla/5.0 (Windows NT 10.0; Win64; x64) AppleWebKit/537.36 (KHTML, like Gecko) Chrome/120.0.0.0 Safari/537.36"
104.23.175.164 - - [18/Mar/2026:13:10:53 +0100] "GET /wp-includes/images/smilies/about.php HTTP/1.1" 200 12169 "-" "Mozilla/5.0 (Windows NT 10.0; Win64; x64) AppleWebKit/537.36 (KHTML, like Gecko) Chrome/120.0.0.0 Safari/537.36"
172.68.192.149 - - [18/Mar/2026:13:10:55 +0100] "GET /blog/tag/manutenzione-del-sistema-elettrico/feed/?lokasie=/home/elettreviso/public_html/wp-settings.php&loknya=/home/elettreviso/public_html HTTP/1.1" 200 50927 "-" "Mozilla/5.0 (compatible; MJ12bot/v1.4.8; http://mj12bot.com/)"
104.23.175.164 - - [18/Mar/2026:13:10:55 +0100] "GET /wp-includes/images/wp-login.php HTTP/1.1" 200 12164 "-" "Mozilla/5.0 (Windows NT 10.0; Win64; x64) AppleWebKit/537.36 (KHTML, like Gecko) Chrome/120.0.0.0 Safari/537.36"
162.158.95.81 - - [18/Mar/2026:13:10:57 +0100] "GET /blog/tag/manutenzione-del-sistema-elettrico/feed/?lokasie=/home/elettreviso/public_html/wp-signup.php&loknya=/home/elettreviso/public_html HTTP/1.1" 200 58978 "-" "Mozilla/5.0 (compatible; MJ12bot/v1.4.8; http://mj12bot.com/)"
104.23.175.164 - - [18/Mar/2026:13:10:56 +0100] "GET /wp-includes/js/dist/script-modules/block-library/search/about.php HTTP/1.1" 200 12191 "-" "Mozilla/5.0 (Windows NT 10.0; Win64; x64) AppleWebKit/537.36 (KHTML, like Gecko) Chrome/120.0.0.0 Safari/537.36"
172.71.144.71 - - [18/Mar/2026:13:10:59 +0100] "GET /blog/tag/manutenzione-del-sistema-elettrico/feed/?lokasie=/home/elettreviso/public_html/wp-trackback.php&loknya=/home/elettreviso/public_html HTTP/1.1" 200 23451 "-" "Mozilla/5.0 (compatible; MJ12bot/v1.4.8; http://mj12bot.com/)"
104.23.175.164 - - [18/Mar/2026:13:10:58 +0100] "GET /wp-includes/style-engine/ HTTP/1.1" 200 12158 "-" "Mozilla/5.0 (Windows NT 10.0; Win64; x64) AppleWebKit/537.36 (KHTML, like Gecko) Chrome/120.0.0.0 Safari/537.36"
104.23.175.164 - - [18/Mar/2026:13:10:59 +0100] "GET /wp-themes.php HTTP/1.1" 200 12163 "-" "Mozilla/5.0 (Windows NT 10.0; Win64; x64) AppleWebKit/537.36 (KHTML, like Gecko) Chrome/120.0.0.0 Safari/537.36"
172.71.148.32 - - [18/Mar/2026:13:11:00 +0100] "GET /blog/tag/manutenzione-del-sistema-elettrico/feed/?loknya=/ HTTP/1.1" 200 43929 "-" "Mozilla/5.0 (compatible; MJ12bot/v1.4.8; http://mj12bot.com/)"
104.23.197.74 - - [18/Mar/2026:13:11:02 +0100] "GET /robots.txt HTTP/1.1" 200 26 "-" "Mozilla/5.0 AppleWebKit/537.36 (KHTML, like Gecko; compatible; ClaudeBot/1.0; +claudebot@anthropic.com)"
104.23.175.164 - - [18/Mar/2026:13:11:01 +0100] "GET /xmlrpc.php HTTP/1.1" 200 12150 "-" "Mozilla/5.0 (Windows NT 10.0; Win64; x64) AppleWebKit/537.36 (KHTML, like Gecko) Chrome/120.0.0.0 Safari/537.36"
172.69.150.246 - - [18/Mar/2026:13:11:02 +0100] "GET /blog/tag/manutenzione-del-sistema-elettrico/feed/?loknya=/home HTTP/1.1" 200 18370 "-" "Mozilla/5.0 (compatible; MJ12bot/v1.4.8; http://mj12bot.com/)"
172.70.246.120 - - [18/Mar/2026:13:11:04 +0100] "GET /blog/tag/manutenzione-del-sistema-elettrico/feed/?loknya=/home/elettreviso HTTP/1.1" 200 54266 "-" "Mozilla/5.0 (compatible; MJ12bot/v1.4.8; http://mj12bot.com/)"
172.70.240.125 - - [18/Mar/2026:13:11:06 +0100] "GET /blog/tag/manutenzione-del-sistema-elettrico/feed/?loknya=/home/elettreviso/ HTTP/1.1" 200 54345 "-" "Mozilla/5.0 (compatible; MJ12bot/v1.4.8; http://mj12bot.com/)"
172.69.150.246 - - [18/Mar/2026:13:11:08 +0100] "GET /blog/tag/manutenzione-del-sistema-elettrico/feed/?loknya=/home/elettreviso/public_html HTTP/1.1" 200 57731 "-" "Mozilla/5.0 (compatible; MJ12bot/v1.4.8; http://mj12bot.com/)"
172.71.172.225 - - [18/Mar/2026:13:11:10 +0100] "GET /blog/tag/manutenzione-del-sistema-elettrico/feed/?loknya=/home/elettreviso/public_html/.tmb HTTP/1.1" 200 18678 "-" "Mozilla/5.0 (compatible; MJ12bot/v1.4.8; http://mj12bot.com/)"
172.71.144.71 - - [18/Mar/2026:13:11:12 +0100] "GET /blog/tag/manutenzione-del-sistema-elettrico/feed/?loknya=/home/elettreviso/public_html/.well-known HTTP/1.1" 200 21065 "-" "Mozilla/5.0 (compatible; MJ12bot/v1.4.8; http://mj12bot.com/)"
104.23.239.104 - - [18/Mar/2026:13:11:14 +0100] "GET /blog/tag/manutenzione-del-sistema-elettrico/feed/?loknya=/home/elettreviso/public_html/cgi-bin HTTP/1.1" 200 18691 "-" "Mozilla/5.0 (compatible; MJ12bot/v1.4.8; http://mj12bot.com/)"
172.70.250.58 - - [18/Mar/2026:13:11:15 +0100] "GET /blog/tag/manutenzione-del-sistema-elettrico/feed/?loknya=/home/elettreviso/public_html/wp-admin HTTP/1.1" 200 166123 "-" "Mozilla/5.0 (compatible; MJ12bot/v1.4.8; http://mj12bot.com/)"
162.158.111.23 - - [18/Mar/2026:13:11:17 +0100] "GET /blog/tag/manutenzione-del-sistema-elettrico/feed/?loknya=/home/elettreviso/public_html/wp-content HTTP/1.1" 200 35741 "-" "Mozilla/5.0 (compatible; MJ12bot/v1.4.8; http://mj12bot.com/)"
172.70.240.125 - - [18/Mar/2026:13:11:19 +0100] "GET /blog/tag/manutenzione-del-sistema-elettrico/feed/?loknya=/home/elettreviso/public_html/wp-includes HTTP/1.1" 200 418689 "-" "Mozilla/5.0 (compatible; MJ12bot/v1.4.8; http://mj12bot.com/)"
172.71.164.107 - - [18/Mar/2026:13:11:21 +0100] "GET /blog/tag/quadri-elettrici/?lokasie=/home/elettreviso/public_html/.htaccess&loknya=/home/elettreviso/public_html HTTP/1.1" 200 29529 "-" "Mozilla/5.0 (compatible; MJ12bot/v1.4.8; http://mj12bot.com/)"
172.71.164.107 - - [18/Mar/2026:13:11:23 +0100] "GET /blog/tag/quadri-elettrici/?lokasie=/home/elettreviso/public_html/deploy-all.sh&loknya=/home/elettreviso/public_html HTTP/1.1" 200 10561318 "-" "Mozilla/5.0 (compatible; MJ12bot/v1.4.8; http://mj12bot.com/)"
162.158.95.82 - - [18/Mar/2026:13:11:25 +0100] "GET /blog/tag/quadri-elettrici/?lokasie=/home/elettreviso/public_html/error_log&loknya=/home/elettreviso/public_html HTTP/1.1" 200 17314 "-" "Mozilla/5.0 (compatible; MJ12bot/v1.4.8; http://mj12bot.com/)"
172.71.164.106 - - [18/Mar/2026:13:11:27 +0100] "GET /blog/tag/quadri-elettrici/?lokasie=/home/elettreviso/public_html/index.php&loknya=/home/elettreviso/public_html HTTP/1.1" 200 17880 "-" "Mozilla/5.0 (compatible; MJ12bot/v1.4.8; http://mj12bot.com/)"
162.158.111.23 - - [18/Mar/2026:13:11:29 +0100] "GET /blog/tag/quadri-elettrici/?lokasie=/home/elettreviso/public_html/lala.php&loknya=/home/elettreviso/public_html HTTP/1.1" 200 122503 "-" "Mozilla/5.0 (compatible; MJ12bot/v1.4.8; http://mj12bot.com/)"
162.158.95.81 - - [18/Mar/2026:13:11:31 +0100] "GET /blog/tag/quadri-elettrici/?lokasie=/home/elettreviso/public_html/license.txt&loknya=/home/elettreviso/public_html HTTP/1.1" 200 37530 "-" "Mozilla/5.0 (compatible; MJ12bot/v1.4.8; http://mj12bot.com/)"
172.70.250.58 - - [18/Mar/2026:13:11:33 +0100] "GET /blog/tag/quadri-elettrici/?lokasie=/home/elettreviso/public_html/licenza.html&loknya=/home/elettreviso/public_html HTTP/1.1" 200 44879 "-" "Mozilla/5.0 (compatible; MJ12bot/v1.4.8; http://mj12bot.com/)"
162.158.86.207 - - [18/Mar/2026:13:11:35 +0100] "GET /blog/tag/quadri-elettrici/?lokasie=/home/elettreviso/public_html/readme.html&loknya=/home/elettreviso/public_html HTTP/1.1" 200 26783 "-" "Mozilla/5.0 (compatible; MJ12bot/v1.4.8; http://mj12bot.com/)"
172.70.248.14 - - [18/Mar/2026:13:11:38 +0100] "GET /blog/tag/quadri-elettrici/?lokasie=/home/elettreviso/public_html/robots.txt&loknya=/home/elettreviso/public_html HTTP/1.1" 200 17586 "-" "Mozilla/5.0 (compatible; MJ12bot/v1.4.8; http://mj12bot.com/)"
172.69.150.247 - - [18/Mar/2026:13:11:39 +0100] "GET /blog/tag/quadri-elettrici/?lokasie=/home/elettreviso/public_html/wp-activate.php&loknya=/home/elettreviso/public_html HTTP/1.1" 200 26476 "-" "Mozilla/5.0 (compatible; MJ12bot/v1.4.8; http://mj12bot.com/)"
162.158.86.207 - - [18/Mar/2026:13:11:41 +0100] "GET /blog/tag/quadri-elettrici/?lokasie=/home/elettreviso/public_html/wp-blog-header.php&loknya=/home/elettreviso/public_html HTTP/1.1" 200 17930 "-" "Mozilla/5.0 (compatible; MJ12bot/v1.4.8; http://mj12bot.com/)"
172.71.172.225 - - [18/Mar/2026:13:11:43 +0100] "GET /blog/tag/quadri-elettrici/?lokasie=/home/elettreviso/public_html/wp-comments-post.php&loknya=/home/elettreviso/public_html HTTP/1.1" 200 20127 "-" "Mozilla/5.0 (compatible; MJ12bot/v1.4.8; http://mj12bot.com/)"
172.69.150.246 - - [18/Mar/2026:13:11:45 +0100] "GET /blog/tag/quadri-elettrici/?lokasie=/home/elettreviso/public_html/wp-config-sample.php&loknya=/home/elettreviso/public_html HTTP/1.1" 200 21171 "-" "Mozilla/5.0 (compatible; MJ12bot/v1.4.8; http://mj12bot.com/)"
104.23.239.104 - - [18/Mar/2026:13:11:48 +0100] "GET /blog/tag/quadri-elettrici/?lokasie=/home/elettreviso/public_html/wp-cron.php&loknya=/home/elettreviso/public_html HTTP/1.1" 200 23411 "-" "Mozilla/5.0 (compatible; MJ12bot/v1.4.8; http://mj12bot.com/)"
172.70.246.120 - - [18/Mar/2026:13:11:50 +0100] "GET /blog/tag/quadri-elettrici/?lokasie=/home/elettreviso/public_html/wp-links-opml.php&loknya=/home/elettreviso/public_html HTTP/1.1" 200 20513 "-" "Mozilla/5.0 (compatible; MJ12bot/v1.4.8; http://mj12bot.com/)"
172.69.150.246 - - [18/Mar/2026:13:11:52 +0100] "GET /blog/tag/quadri-elettrici/?lokasie=/home/elettreviso/public_html/wp-load.php&loknya=/home/elettreviso/public_html HTTP/1.1" 200 21963 "-" "Mozilla/5.0 (compatible; MJ12bot/v1.4.8; http://mj12bot.com/)"
172.71.144.70 - - [18/Mar/2026:13:11:54 +0100] "GET /blog/tag/quadri-elettrici/?lokasie=/home/elettreviso/public_html/wp-mail.php&loknya=/home/elettreviso/public_html HTTP/1.1" 200 27345 "-" "Mozilla/5.0 (compatible; MJ12bot/v1.4.8; http://mj12bot.com/)"
172.71.144.70 - - [18/Mar/2026:13:11:55 +0100] "GET /blog/tag/quadri-elettrici/?lokasie=/home/elettreviso/public_html/wp-settings.php&loknya=/home/elettreviso/public_html HTTP/1.1" 200 50926 "-" "Mozilla/5.0 (compatible; MJ12bot/v1.4.8; http://mj12bot.com/)"
162.158.111.24 - - [18/Mar/2026:13:11:57 +0100] "GET /blog/tag/quadri-elettrici/?lokasie=/home/elettreviso/public_html/wp-signup.php&loknya=/home/elettreviso/public_html HTTP/1.1" 200 58979 "-" "Mozilla/5.0 (compatible; MJ12bot/v1.4.8; http://mj12bot.com/)"
172.69.150.247 - - [18/Mar/2026:13:11:59 +0100] "GET /blog/tag/quadri-elettrici/?lokasie=/home/elettreviso/public_html/wp-trackback.php&loknya=/home/elettreviso/public_html HTTP/1.1" 200 23451 "-" "Mozilla/5.0 (compatible; MJ12bot/v1.4.8; http://mj12bot.com/)"
162.158.111.24 - - [18/Mar/2026:13:12:01 +0100] "GET /blog/tag/quadri-elettrici/?loknya=/ HTTP/1.1" 200 43929 "-" "Mozilla/5.0 (compatible; MJ12bot/v1.4.8; http://mj12bot.com/)"
172.68.192.149 - - [18/Mar/2026:13:12:03 +0100] "GET /blog/tag/quadri-elettrici/?loknya=/home HTTP/1.1" 200 18371 "-" "Mozilla/5.0 (compatible; MJ12bot/v1.4.8; http://mj12bot.com/)"
172.71.164.107 - - [18/Mar/2026:13:12:05 +0100] "GET /blog/tag/quadri-elettrici/?loknya=/home/elettreviso HTTP/1.1" 200 54265 "-" "Mozilla/5.0 (compatible; MJ12bot/v1.4.8; http://mj12bot.com/)"
172.71.144.70 - - [18/Mar/2026:13:12:06 +0100] "GET /blog/tag/quadri-elettrici/?loknya=/home/elettreviso/ HTTP/1.1" 200 54344 "-" "Mozilla/5.0 (compatible; MJ12bot/v1.4.8; http://mj12bot.com/)"
172.70.248.15 - - [18/Mar/2026:13:12:08 +0100] "GET /blog/tag/quadri-elettrici/?loknya=/home/elettreviso/public_html HTTP/1.1" 200 57729 "-" "Mozilla/5.0 (compatible; MJ12bot/v1.4.8; http://mj12bot.com/)"
172.71.148.32 - - [18/Mar/2026:13:12:10 +0100] "GET /blog/tag/quadri-elettrici/?loknya=/home/elettreviso/public_html/.tmb HTTP/1.1" 200 18677 "-" "Mozilla/5.0 (compatible; MJ12bot/v1.4.8; http://mj12bot.com/)"
172.68.192.149 - - [18/Mar/2026:13:12:12 +0100] "GET /blog/tag/quadri-elettrici/?loknya=/home/elettreviso/public_html/.well-known HTTP/1.1" 200 21066 "-" "Mozilla/5.0 (compatible; MJ12bot/v1.4.8; http://mj12bot.com/)"
162.158.86.206 - - [18/Mar/2026:13:12:14 +0100] "GET /blog/tag/quadri-elettrici/?loknya=/home/elettreviso/public_html/cgi-bin HTTP/1.1" 200 18691 "-" "Mozilla/5.0 (compatible; MJ12bot/v1.4.8; http://mj12bot.com/)"
172.71.172.224 - - [18/Mar/2026:13:12:16 +0100] "GET /blog/tag/quadri-elettrici/?loknya=/home/elettreviso/public_html/wp-admin HTTP/1.1" 200 166123 "-" "Mozilla/5.0 (compatible; MJ12bot/v1.4.8; http://mj12bot.com/)"
172.71.144.71 - - [18/Mar/2026:13:12:18 +0100] "GET /blog/tag/quadri-elettrici/?loknya=/home/elettreviso/public_html/wp-content HTTP/1.1" 200 35740 "-" "Mozilla/5.0 (compatible; MJ12bot/v1.4.8; http://mj12bot.com/)"
162.158.111.24 - - [18/Mar/2026:13:12:20 +0100] "GET /blog/tag/quadri-elettrici/?loknya=/home/elettreviso/public_html/wp-includes HTTP/1.1" 200 418689 "-" "Mozilla/5.0 (compatible; MJ12bot/v1.4.8; http://mj12bot.com/)"
172.70.248.14 - - [18/Mar/2026:13:12:22 +0100] "GET /blog/tag/quadri-elettrici/feed/?lokasie=/home/elettreviso/public_html/.htaccess&loknya=/home/elettreviso/public_html HTTP/1.1" 200 29528 "-" "Mozilla/5.0 (compatible; MJ12bot/v1.4.8; http://mj12bot.com/)"
162.158.95.82 - - [18/Mar/2026:13:12:24 +0100] "GET /blog/tag/quadri-elettrici/feed/?lokasie=/home/elettreviso/public_html/deploy-all.sh&loknya=/home/elettreviso/public_html HTTP/1.1" 200 8785317 "-" "Mozilla/5.0 (compatible; MJ12bot/v1.4.8; http://mj12bot.com/)"
172.69.150.247 - - [18/Mar/2026:13:12:26 +0100] "GET /blog/tag/quadri-elettrici/feed/?lokasie=/home/elettreviso/public_html/error_log&loknya=/home/elettreviso/public_html HTTP/1.1" 200 17314 "-" "Mozilla/5.0 (compatible; MJ12bot/v1.4.8; http://mj12bot.com/)"
172.70.240.124 - - [18/Mar/2026:13:12:28 +0100] "GET /blog/tag/quadri-elettrici/feed/?lokasie=/home/elettreviso/public_html/index.php&loknya=/home/elettreviso/public_html HTTP/1.1" 200 17880 "-" "Mozilla/5.0 (compatible; MJ12bot/v1.4.8; http://mj12bot.com/)"
162.158.111.23 - - [18/Mar/2026:13:12:30 +0100] "GET /blog/tag/quadri-elettrici/feed/?lokasie=/home/elettreviso/public_html/lala.php&loknya=/home/elettreviso/public_html HTTP/1.1" 200 122502 "-" "Mozilla/5.0 (compatible; MJ12bot/v1.4.8; http://mj12bot.com/)"
172.70.250.59 - - [18/Mar/2026:13:12:31 +0100] "GET /blog/tag/quadri-elettrici/feed/?lokasie=/home/elettreviso/public_html/license.txt&loknya=/home/elettreviso/public_html HTTP/1.1" 200 37530 "-" "Mozilla/5.0 (compatible; MJ12bot/v1.4.8; http://mj12bot.com/)"
172.71.144.70 - - [18/Mar/2026:13:12:33 +0100] "GET /blog/tag/quadri-elettrici/feed/?lokasie=/home/elettreviso/public_html/licenza.html&loknya=/home/elettreviso/public_html HTTP/1.1" 200 44879 "-" "Mozilla/5.0 (compatible; MJ12bot/v1.4.8; http://mj12bot.com/)"
172.71.148.33 - - [18/Mar/2026:13:12:35 +0100] "GET /blog/tag/quadri-elettrici/feed/?lokasie=/home/elettreviso/public_html/readme.html&loknya=/home/elettreviso/public_html HTTP/1.1" 200 26782 "-" "Mozilla/5.0 (compatible; MJ12bot/v1.4.8; http://mj12bot.com/)"
104.23.239.105 - - [18/Mar/2026:13:12:37 +0100] "GET /blog/tag/quadri-elettrici/feed/?lokasie=/home/elettreviso/public_html/robots.txt&loknya=/home/elettreviso/public_html HTTP/1.1" 200 17587 "-" "Mozilla/5.0 (compatible; MJ12bot/v1.4.8; http://mj12bot.com/)"
172.70.240.124 - - [18/Mar/2026:13:12:39 +0100] "GET /blog/tag/quadri-elettrici/feed/?lokasie=/home/elettreviso/public_html/wp-activate.php&loknya=/home/elettreviso/public_html HTTP/1.1" 200 26477 "-" "Mozilla/5.0 (compatible; MJ12bot/v1.4.8; http://mj12bot.com/)"
172.70.248.14 - - [18/Mar/2026:13:12:40 +0100] "GET /blog/tag/quadri-elettrici/feed/?lokasie=/home/elettreviso/public_html/wp-blog-header.php&loknya=/home/elettreviso/public_html HTTP/1.1" 200 17929 "-" "Mozilla/5.0 (compatible; MJ12bot/v1.4.8; http://mj12bot.com/)"
172.68.192.149 - - [18/Mar/2026:13:12:42 +0100] "GET /blog/tag/quadri-elettrici/feed/?lokasie=/home/elettreviso/public_html/wp-comments-post.php&loknya=/home/elettreviso/public_html HTTP/1.1" 200 20126 "-" "Mozilla/5.0 (compatible; MJ12bot/v1.4.8; http://mj12bot.com/)"
172.71.144.70 - - [18/Mar/2026:13:12:44 +0100] "GET /blog/tag/quadri-elettrici/feed/?lokasie=/home/elettreviso/public_html/wp-config-sample.php&loknya=/home/elettreviso/public_html HTTP/1.1" 200 21170 "-" "Mozilla/5.0 (compatible; MJ12bot/v1.4.8; http://mj12bot.com/)"
172.70.240.125 - - [18/Mar/2026:13:12:48 +0100] "GET /blog/tag/quadri-elettrici/feed/?lokasie=/home/elettreviso/public_html/wp-cron.php&loknya=/home/elettreviso/public_html HTTP/1.1" 200 23411 "-" "Mozilla/5.0 (compatible; MJ12bot/v1.4.8; http://mj12bot.com/)"
172.71.172.225 - - [18/Mar/2026:13:12:50 +0100] "GET /blog/tag/quadri-elettrici/feed/?lokasie=/home/elettreviso/public_html/wp-links-opml.php&loknya=/home/elettreviso/public_html HTTP/1.1" 200 20513 "-" "Mozilla/5.0 (compatible; MJ12bot/v1.4.8; http://mj12bot.com/)"
172.71.172.225 - - [18/Mar/2026:13:12:51 +0100] "GET /blog/tag/quadri-elettrici/feed/?lokasie=/home/elettreviso/public_html/wp-load.php&loknya=/home/elettreviso/public_html HTTP/1.1" 200 21963 "-" "Mozilla/5.0 (compatible; MJ12bot/v1.4.8; http://mj12bot.com/)"
162.158.86.207 - - [18/Mar/2026:13:12:53 +0100] "GET /blog/tag/quadri-elettrici/feed/?lokasie=/home/elettreviso/public_html/wp-mail.php&loknya=/home/elettreviso/public_html HTTP/1.1" 200 27346 "-" "Mozilla/5.0 (compatible; MJ12bot/v1.4.8; http://mj12bot.com/)"
172.70.248.14 - - [18/Mar/2026:13:12:55 +0100] "GET /blog/tag/quadri-elettrici/feed/?lokasie=/home/elettreviso/public_html/wp-settings.php&loknya=/home/elettreviso/public_html HTTP/1.1" 200 50926 "-" "Mozilla/5.0 (compatible; MJ12bot/v1.4.8; http://mj12bot.com/)"
172.70.250.58 - - [18/Mar/2026:13:12:57 +0100] "GET /blog/tag/quadri-elettrici/feed/?lokasie=/home/elettreviso/public_html/wp-signup.php&loknya=/home/elettreviso/public_html HTTP/1.1" 200 58977 "-" "Mozilla/5.0 (compatible; MJ12bot/v1.4.8; http://mj12bot.com/)"
172.71.148.32 - - [18/Mar/2026:13:12:59 +0100] "GET /blog/tag/quadri-elettrici/feed/?lokasie=/home/elettreviso/public_html/wp-trackback.php&loknya=/home/elettreviso/public_html HTTP/1.1" 200 23451 "-" "Mozilla/5.0 (compatible; MJ12bot/v1.4.8; http://mj12bot.com/)"
172.70.246.121 - - [18/Mar/2026:13:13:01 +0100] "GET /blog/tag/quadri-elettrici/feed/?loknya=/ HTTP/1.1" 200 43930 "-" "Mozilla/5.0 (compatible; MJ12bot/v1.4.8; http://mj12bot.com/)"
172.71.164.107 - - [18/Mar/2026:13:13:03 +0100] "GET /blog/tag/quadri-elettrici/feed/?loknya=/home HTTP/1.1" 200 18370 "-" "Mozilla/5.0 (compatible; MJ12bot/v1.4.8; http://mj12bot.com/)"
104.23.239.105 - - [18/Mar/2026:13:13:05 +0100] "GET /blog/tag/quadri-elettrici/feed/?loknya=/home/elettreviso HTTP/1.1" 200 54265 "-" "Mozilla/5.0 (compatible; MJ12bot/v1.4.8; http://mj12bot.com/)"
172.71.172.225 - - [18/Mar/2026:13:13:06 +0100] "GET /blog/tag/quadri-elettrici/feed/?loknya=/home/elettreviso/ HTTP/1.1" 200 54346 "-" "Mozilla/5.0 (compatible; MJ12bot/v1.4.8; http://mj12bot.com/)"
162.158.111.23 - - [18/Mar/2026:13:13:08 +0100] "GET /blog/tag/quadri-elettrici/feed/?loknya=/home/elettreviso/public_html HTTP/1.1" 200 57730 "-" "Mozilla/5.0 (compatible; MJ12bot/v1.4.8; http://mj12bot.com/)"
172.69.130.211 - - [18/Mar/2026:13:13:10 +0100] "GET /blog/tag/riparazioni-urgenti/ HTTP/1.1" 200 57730 "-" "Mozilla/5.0 (compatible; AhrefsBot/7.0; +http://ahrefs.com/robot/)"
162.158.95.82 - - [18/Mar/2026:13:13:11 +0100] "GET /blog/tag/quadri-elettrici/feed/?loknya=/home/elettreviso/public_html/.tmb HTTP/1.1" 200 18677 "-" "Mozilla/5.0 (compatible; MJ12bot/v1.4.8; http://mj12bot.com/)"
172.70.240.124 - - [18/Mar/2026:13:13:13 +0100] "GET /blog/tag/quadri-elettrici/feed/?loknya=/home/elettreviso/public_html/.well-known HTTP/1.1" 200 21065 "-" "Mozilla/5.0 (compatible; MJ12bot/v1.4.8; http://mj12bot.com/)"
172.68.192.149 - - [18/Mar/2026:13:13:15 +0100] "GET /blog/tag/quadri-elettrici/feed/?loknya=/home/elettreviso/public_html/cgi-bin HTTP/1.1" 200 18690 "-" "Mozilla/5.0 (compatible; MJ12bot/v1.4.8; http://mj12bot.com/)"
172.71.144.71 - - [18/Mar/2026:13:13:16 +0100] "GET /blog/tag/quadri-elettrici/feed/?loknya=/home/elettreviso/public_html/wp-admin HTTP/1.1" 200 166122 "-" "Mozilla/5.0 (compatible; MJ12bot/v1.4.8; http://mj12bot.com/)"
172.70.246.120 - - [18/Mar/2026:13:13:18 +0100] "GET /blog/tag/quadri-elettrici/feed/?loknya=/home/elettreviso/public_html/wp-content HTTP/1.1" 200 35741 "-" "Mozilla/5.0 (compatible; MJ12bot/v1.4.8; http://mj12bot.com/)"
172.70.248.14 - - [18/Mar/2026:13:13:20 +0100] "GET /blog/tag/quadri-elettrici/feed/?loknya=/home/elettreviso/public_html/wp-includes HTTP/1.1" 200 418687 "-" "Mozilla/5.0 (compatible; MJ12bot/v1.4.8; http://mj12bot.com/)"
172.71.172.224 - - [18/Mar/2026:13:13:22 +0100] "GET /index.php HTTP/1.1" 200 57730 "-" "Mozilla/5.0 (compatible; MJ12bot/v1.4.8; http://mj12bot.com/)"
172.69.150.247 - - [18/Mar/2026:13:13:24 +0100] "GET /servizi-elettricista-treviso/impianti-elettrici-treviso/ HTTP/1.1" 200 57730 "-" "Mozilla/5.0 (compatible; MJ12bot/v1.4.8; http://mj12bot.com/)"
